{"id":2859,"date":"2015-09-29T15:22:04","date_gmt":"2015-09-29T13:22:04","guid":{"rendered":"http:\/\/saw-biz.net\/?page_id=2859"},"modified":"2023-07-10T17:28:57","modified_gmt":"2023-07-10T15:28:57","slug":"sanitaetsausbildungen","status":"publish","type":"page","link":"https:\/\/saw-biz.net\/home\/bildung\/sanitaetsausbildungen\/","title":{"rendered":"Sanit\u00e4tsausbildungen"},"content":{"rendered":"<ol id=\"ausbildung\" style=\"padding-left: 30px;\">\n<li>Erste Hilfe Kurs f\u00fcr den F\u00fchrerschein<\/li>\n<li>Betrieblicher Ersthelfer<\/li>\n<li>Sanit\u00e4tslehrgang f\u00fcr Sicherheitsmitarbeiter<\/li>\n<\/ol>","protected":false},"excerpt":{"rendered":"<p>Erste Hilfe Kurs f\u00fcr den F\u00fchrerschein Betrieblicher Ersthelfer Sanit\u00e4tslehrgang f\u00fcr Sicherheitsmitarbeiter<\/p>","protected":false},"author":58,"featured_media":0,"parent":1229,"menu_order":0,"comment_status":"closed","ping_status":"closed","template":"","meta":{"_exactmetrics_skip_tracking":false,"_exactmetrics_sitenote_active":false,"_exactmetrics_sitenote_note":"","_exactmetrics_sitenote_category":0,"jetpack_post_was_ever_published":false,"footnotes":"","_links_to":"","_links_to_target":""},"class_list":["post-2859","page","type-page","status-publish","hentry"],"jetpack_sharing_enabled":true,"jetpack_shortlink":"https:\/\/wp.me\/P5coPr-K7","jetpack-related-posts":[{"id":1227,"url":"https:\/\/saw-biz.net\/home\/bildung\/sicherheit\/","url_meta":{"origin":2859,"position":0},"title":"Sicherheit","author":"admin","date":"19. Dezember 2014","format":false,"excerpt":"Sicherheitsausbildung Vorbereitung auf die Sachkundepr\u00fcfung \u00a7 34a GewO Grundausbildung Sicherheitskraft Mobile Sicherheitskraft inkl. PKW F\u00fchrerschein Kompaktlehrgang Sicherheitskraft inkl. Unterrichtungsverfahren \u00a734a GewO Gepr\u00fcfte Schutz- und Sicherheitskraft IHK Umschulung zur Fachkraft f\u00fcr Schutz und Sicherheit Externenpr\u00fcfung Fachkraft f\u00fcr Schutz und Sicherheit Meister f\u00fcr Schutz und Sicherheit Waffensachkunde \u00a7 7 WaffG Brandschutz- und\u2026","rel":"","context":"\u00c4hnlicher Beitrag","block_context":{"text":"\u00c4hnlicher Beitrag","link":""},"img":{"alt_text":"","src":"","width":0,"height":0},"classes":[]},{"id":2862,"url":"https:\/\/saw-biz.net\/home\/bildung\/sanitaetsausbildungen\/erste-hilfe-kurs\/","url_meta":{"origin":2859,"position":1},"title":"Erste Hilfe Kurs","author":"Changes SAW-Bildungszentrum","date":"29. September 2015","format":false,"excerpt":"Vorwort Ein Unfall auf der Stra\u00dfe oder im Haushalt, ein Kreislaufzusammenbruch oder Herzinfarkt \u2013 diese oder \u00e4hnliche Notf\u00e4lle ereignen sich nach Sch\u00e4tzung von Experten \u00fcber 25 Millionen Mal j\u00e4hrlich in Deutschland und passieren zumeist in Anwesenheit von Familie, Freunden oder Kollegen. In vielen F\u00e4llen kann die Hilfe in den ersten\u2026","rel":"","context":"\u00c4hnlicher Beitrag","block_context":{"text":"\u00c4hnlicher Beitrag","link":""},"img":{"alt_text":"","src":"","width":0,"height":0},"classes":[]},{"id":12500,"url":"https:\/\/saw-biz.net\/home\/grundausbildung-sicherheitskraft\/","url_meta":{"origin":2859,"position":2},"title":"Grundausbildung Sicherheitskraft","author":"admin","date":"10. Juli 2023","format":false,"excerpt":"Vorwort Mit der Grundausbildung Sicherheitskraft, bist Du bestens vorbereitet und den meisten Sicherheitsmitarbeitern einen Schritt voraus. Durch wichtige Zusatzqualifikationen, machst Du dich f\u00fcr den Arbeitsmarkt sehr attraktiv und das spiegelt sich auch im Verdienst wieder. Zielgruppe Personen die in der Sicherheitsbrache gut aufgestellt und flexibel sein m\u00f6chten. Dauer der Ausbildung\u2026","rel":"","context":"\u00c4hnlicher Beitrag","block_context":{"text":"\u00c4hnlicher Beitrag","link":""},"img":{"alt_text":"","src":"","width":0,"height":0},"classes":[]},{"id":12577,"url":"https:\/\/saw-biz.net\/home\/mobile-sicherheitskraft-inkl-pkw-fuehrerschein\/","url_meta":{"origin":2859,"position":3},"title":"Mobile Sicherheitskraft inkl. PKW F\u00fchrerschein","author":"admin","date":"11. Juli 2023","format":false,"excerpt":"Vorwort Mobil und sicher - Dein Weg zur Mobilen Sicherheitskraft! Herzlich willkommen zu unserer Ma\u00dfnahme, die dich auf den spannenden Berufsweg der Mobilen Sicherheitskraft vorbereitet und dir gleichzeitig die M\u00f6glichkeit bietet, den F\u00fchrerschein zu erwerben. In einer Welt, in der Mobilit\u00e4t und Sicherheit eine zunehmend wichtige Rolle spielen, bieten wir\u2026","rel":"","context":"\u00c4hnlicher Beitrag","block_context":{"text":"\u00c4hnlicher Beitrag","link":""},"img":{"alt_text":"","src":"","width":0,"height":0},"classes":[]},{"id":12517,"url":"https:\/\/saw-biz.net\/home\/sanitaetslehrgang-fuer-sicherheitsmitarbeiter\/","url_meta":{"origin":2859,"position":4},"title":"Sanit\u00e4tslehrgang f\u00fcr Sicherheitsmitarbeiter","author":"admin","date":"10. Juli 2023","format":false,"excerpt":"","rel":"","context":"\u00c4hnlicher Beitrag","block_context":{"text":"\u00c4hnlicher Beitrag","link":""},"img":{"alt_text":"","src":"","width":0,"height":0},"classes":[]},{"id":2913,"url":"https:\/\/saw-biz.net\/home\/bildung\/sicherheit\/mobile-sicherheitskraft\/","url_meta":{"origin":2859,"position":5},"title":"Mobile Sicherheitskraft","author":"Changes SAW-Bildungszentrum","date":"2. Oktober 2015","format":false,"excerpt":"[pdf_button]\/wp-content\/uploads\/2015\/10\/Sicherheit-Mobile-Sicherheitskraft.pdf[\/pdf_button] Zielgruppe Personen (m \/ w) mit Interesse f\u00fcr eine berufliche Neuorientierung bzw. Qualifizierung im Sicherheitsgewerbe. Dauer der Ausbildung 880 Stunden Theorie Inhalte der Ausbildung Sachkunde nach \u00a734a GewO (IHK) Dienstkunde F\u00fchrerschein Klasse B (PKW) Waffensachkunde \u00a77 WaffG Brandschutz- und Evakuierungshelfer \u00a710 ArbSchG Ersthelfer (16 Stunden) Unterrichtszeiten Die Ausbildung findet\u2026","rel":"","context":"\u00c4hnlicher Beitrag","block_context":{"text":"\u00c4hnlicher Beitrag","link":""},"img":{"alt_text":"","src":"","width":0,"height":0},"classes":[]}],"_links":{"self":[{"href":"https:\/\/saw-biz.net\/home\/wp-json\/wp\/v2\/pages\/2859","targetHints":{"allow":["GET"]}}],"collection":[{"href":"https:\/\/saw-biz.net\/home\/wp-json\/wp\/v2\/pages"}],"about":[{"href":"https:\/\/saw-biz.net\/home\/wp-json\/wp\/v2\/types\/page"}],"author":[{"embeddable":true,"href":"https:\/\/saw-biz.net\/home\/wp-json\/wp\/v2\/users\/58"}],"replies":[{"embeddable":true,"href":"https:\/\/saw-biz.net\/home\/wp-json\/wp\/v2\/comments?post=2859"}],"version-history":[{"count":5,"href":"https:\/\/saw-biz.net\/home\/wp-json\/wp\/v2\/pages\/2859\/revisions"}],"predecessor-version":[{"id":12528,"href":"https:\/\/saw-biz.net\/home\/wp-json\/wp\/v2\/pages\/2859\/revisions\/12528"}],"up":[{"embeddable":true,"href":"https:\/\/saw-biz.net\/home\/wp-json\/wp\/v2\/pages\/1229"}],"wp:attachment":[{"href":"https:\/\/saw-biz.net\/home\/wp-json\/wp\/v2\/media?parent=2859"}],"curies":[{"name":"wp","href":"https:\/\/api.w.org\/{rel}","templated":true}]}}