{"id":12629,"date":"2023-07-13T14:46:23","date_gmt":"2023-07-13T12:46:23","guid":{"rendered":"https:\/\/saw-biz.net\/home\/?page_id=12629"},"modified":"2023-07-13T15:44:59","modified_gmt":"2023-07-13T13:44:59","slug":"kompaktlehrgang-sicherheitskraft","status":"publish","type":"page","link":"https:\/\/saw-biz.net\/home\/kompaktlehrgang-sicherheitskraft\/","title":{"rendered":"Kompaktlehrgang Sicherheitskraft"},"content":{"rendered":"<h3>Vorwort<\/h3>\n<p>Wir verstehen, dass die sprachliche Barriere eine Herausforderung darstellen kann, aber wir sind fest davon \u00fcberzeugt, dass Sprache keine Grenzen setzen sollte, wenn es um die Sicherheit von Menschen und Eigentum geht.<\/p>\n<p>Der Kompaktlehrgang beinhaltet das Unterrichtsverfahren gem\u00e4\u00df \u00a734a GewO, dass mit dem Deutsch Niveau B1 gut absolviert werden kann. Unsere Dozenten haben umfassende Erfahrung im Umgang mit sprachlich vielf\u00e4ltigen Teilnehmern und stehen dir w\u00e4hrend des gesamten Kurses unterst\u00fctzend zur Seite.<\/p>\n<p>Am Ende des Lehrgangs erwartet dich die Sachkundepr\u00fcfung gem\u00e4\u00df \u00a734a GewO, die dir die M\u00f6glichkeit bietet, dein erlerntes Wissen unter Beweis zu stellen. Diese Pr\u00fcfung ist ein wichtiger Meilenstein auf deinem Weg, als Sicherheitskraft erfolgreich zu arbeiten. Wir sind davon \u00fcberzeugt, dass Du durch den Kompaktlehrgang bestens auf die Pr\u00fcfung vorbereitet sein wirst.<\/p>\n<h3>Zielgruppe<\/h3>\n<p>Die Ma\u00dfnahme ist f\u00fcr Personen gedacht, die ein sprachliches Defizit aufweisen und dennoch im Bewachungsgewerbe arbeiten wollen.\u00a0<\/p>\n<h3>Dauer der Ausbildung<\/h3>\n<ul>\n<li>3 Monate (480 Unterrichtseinheiten von je 45 min)<\/li>\n<\/ul>\n<h3>Inhalte<\/h3>\n<ul>\n<li>Unterrichtungsverfahren gem\u00e4\u00df \u00a734a GewO<\/li>\n<li>Brandschutz- und Evakuierungshelfer<\/li>\n<li>Deutsch f\u00fcr den Beruf<\/li>\n<li>Interventionskraft gem\u00e4\u00df VdS 2172<\/li>\n<li>Ersthelfer<\/li>\n<li>Sachkundepr\u00fcfung gem\u00e4\u00df \u00a734a GewO<\/li>\n<\/ul>\n<h3>Unterrichtszeiten<\/h3>\n<ul>\n<li>Montag bis Freitag von 08.30 Uhr &#8211; 16.00 Uhr<\/li>\n<\/ul>\n<h3>Zulassungsvoraussetzungen<\/h3>\n<ul>\n<li>18 Jahre alt<\/li>\n<li>Deutsch in Wort und Schrift (Niveau B1)<\/li>\n<li>keine relevanten eintrage im F\u00fchrungszeugnis<\/li>\n<\/ul>\n<h3>F\u00f6rderungen<\/h3>\n<p>Bei Erf\u00fcllung bestimmter Kriterien, ist eine F\u00f6rderung durch verschiedene Stellen, (Bundesagentur f\u00fcr Arbeit, Jobcenter und DRV) m\u00f6glich. Bei Fragen zur F\u00f6rderung, kannst Du dich gerne mit uns in Verbindung setzen.<\/p>\n<h3>Kosten<\/h3>\n<ul>\n<li>Auf Anfrage<\/li>\n<\/ul>\n<h3>Abschluss<\/h3>\n<ul>\n<li>Unterrichtungsverfahren gem\u00e4\u00df \u00a734a GewO<\/li>\n<li>Ersthelfer<\/li>\n<li>Interventionskraft gem\u00e4\u00df VdS 2172<\/li>\n<li>Brandschutz- und Evakuierungshelfer<\/li>\n<li>Sachkundepr\u00fcfung \u00a734a GewO<\/li>\n<li>Tr\u00e4gerinternes Teilnahmezertifikat<\/li>\n<\/ul>","protected":false},"excerpt":{"rendered":"<p>Vorwort Wir verstehen, dass die sprachliche Barriere eine Herausforderung darstellen kann, aber wir sind fest davon \u00fcberzeugt, dass Sprache keine Grenzen setzen sollte, wenn es um die Sicherheit von Menschen und Eigentum geht. Der Kompaktlehrgang beinhaltet das Unterrichtsverfahren gem\u00e4\u00df \u00a734a GewO, dass mit dem Deutsch Niveau B1 gut absolviert werden kann. Unsere Dozenten haben umfassende &#8230;<\/p>","protected":false},"author":1,"featured_media":0,"parent":0,"menu_order":0,"comment_status":"closed","ping_status":"closed","template":"","meta":{"_exactmetrics_skip_tracking":false,"_exactmetrics_sitenote_active":false,"_exactmetrics_sitenote_note":"","_exactmetrics_sitenote_category":0,"jetpack_post_was_ever_published":false,"footnotes":"","_links_to":"","_links_to_target":""},"class_list":["post-12629","page","type-page","status-publish","hentry"],"jetpack_sharing_enabled":true,"jetpack_shortlink":"https:\/\/wp.me\/P5coPr-3hH","jetpack-related-posts":[{"id":1227,"url":"https:\/\/saw-biz.net\/home\/bildung\/sicherheit\/","url_meta":{"origin":12629,"position":0},"title":"Sicherheit","author":"admin","date":"19. Dezember 2014","format":false,"excerpt":"Sicherheitsausbildung Vorbereitung auf die Sachkundepr\u00fcfung \u00a7 34a GewO Grundausbildung Sicherheitskraft Mobile Sicherheitskraft inkl. PKW F\u00fchrerschein Kompaktlehrgang Sicherheitskraft inkl. Unterrichtungsverfahren \u00a734a GewO Gepr\u00fcfte Schutz- und Sicherheitskraft IHK Umschulung zur Fachkraft f\u00fcr Schutz und Sicherheit Externenpr\u00fcfung Fachkraft f\u00fcr Schutz und Sicherheit Meister f\u00fcr Schutz und Sicherheit Waffensachkunde \u00a7 7 WaffG Brandschutz- und\u2026","rel":"","context":"\u00c4hnlicher Beitrag","block_context":{"text":"\u00c4hnlicher Beitrag","link":""},"img":{"alt_text":"","src":"","width":0,"height":0},"classes":[]},{"id":12577,"url":"https:\/\/saw-biz.net\/home\/mobile-sicherheitskraft-inkl-pkw-fuehrerschein\/","url_meta":{"origin":12629,"position":1},"title":"Mobile Sicherheitskraft inkl. PKW F\u00fchrerschein","author":"admin","date":"11. Juli 2023","format":false,"excerpt":"Vorwort Mobil und sicher - Dein Weg zur Mobilen Sicherheitskraft! Herzlich willkommen zu unserer Ma\u00dfnahme, die dich auf den spannenden Berufsweg der Mobilen Sicherheitskraft vorbereitet und dir gleichzeitig die M\u00f6glichkeit bietet, den F\u00fchrerschein zu erwerben. In einer Welt, in der Mobilit\u00e4t und Sicherheit eine zunehmend wichtige Rolle spielen, bieten wir\u2026","rel":"","context":"\u00c4hnlicher Beitrag","block_context":{"text":"\u00c4hnlicher Beitrag","link":""},"img":{"alt_text":"","src":"","width":0,"height":0},"classes":[]},{"id":1112,"url":"https:\/\/saw-biz.net\/home\/bildung\/sicherheit\/sachkunde-%c2%a734a-gewo\/","url_meta":{"origin":12629,"position":2},"title":"Sachkunde \u00a734a GewO","author":"admin","date":"19. Dezember 2014","format":false,"excerpt":"Vorwort Seit dem 01.01.2003 sind die Anforderungen f\u00fcr eine Bewachungsaufgabe, insbesondere f\u00fcr die im tats\u00e4chlich \u00f6ffentlichen Bereich ausgef\u00fchrten T\u00e4tigkeiten, erh\u00f6ht worden. Wer viel mit Menschen zu tun hat, kann in verschiedenen Situationen Fehler machen. Damit uns so etwas sp\u00e4ter nicht passiert, m\u00fcssen Mitarbeiter von Sicherheitsunternehmen in verschiedenen Sachgebieten besonders gut\u2026","rel":"","context":"\u00c4hnlicher Beitrag","block_context":{"text":"\u00c4hnlicher Beitrag","link":""},"img":{"alt_text":"","src":"","width":0,"height":0},"classes":[]},{"id":1065,"url":"https:\/\/saw-biz.net\/home\/bildung\/meister-fuer-schutz-und-sicherheit\/","url_meta":{"origin":12629,"position":3},"title":"Meister f\u00fcr Schutz und Sicherheit","author":"admin","date":"18. Dezember 2014","format":false,"excerpt":"15 Monate - SaZ 8: [pdf_button]\/wp-content\/uploads\/2015\/08\/Soldaten-Meister-f\u00fcr-Schutz-und-Sicherheit-15-Monate.pdf[\/pdf_button] 24 Monate - SaZ 12: [pdf_button]\/wp-content\/uploads\/2015\/08\/Soldaten-Meister-f\u00fcr-Schutz-und-Sicherheit-24-Monate.pdf[\/pdf_button] Vorwort Als Meister\/in f\u00fcr Schutz und Sicherheit hast Du einen au\u00dferordentlichen vielf\u00e4ltigen und interessanten Beruf. Du nimmst in Firmen und Betrieben F\u00fchrungsaufgaben war. Als Gepr\u00fcfter Meister\/in f\u00fcr Schutz und Sicherheit bist Du in privaten und \u00f6ffentlichen Unternehmen unterschiedlicher\u2026","rel":"","context":"\u00c4hnlicher Beitrag","block_context":{"text":"\u00c4hnlicher Beitrag","link":""},"img":{"alt_text":"","src":"","width":0,"height":0},"classes":[]},{"id":2493,"url":"https:\/\/saw-biz.net\/home\/ueber-uns\/leitbild\/","url_meta":{"origin":12629,"position":4},"title":"Zahlen und Fakten","author":"admin","date":"15. September 2015","format":false,"excerpt":"Die Sicherheitswirtschaft ist ein bedeutender Arbeitgeber in Deutschland. Laut Angaben des Bundesverbandes der Sicherheitswirtschaft (BDSW) gibt es mehr als 250.000 Besch\u00e4ftigte in der Branche (Stand 2021). Die Zahl der Mitarbeiterinnen und Mitarbeiter ist in den letzten Jahren kontinuierlich gestiegen. Umsatz Die Sicherheitsbranche verzeichnet ebenfalls einen hohen Umsatz. Im Jahr 2020\u2026","rel":"","context":"\u00c4hnlicher Beitrag","block_context":{"text":"\u00c4hnlicher Beitrag","link":""},"img":{"alt_text":"","src":"","width":0,"height":0},"classes":[]},{"id":1109,"url":"https:\/\/saw-biz.net\/home\/bildung\/sicherheit\/meister-fuer-schutz-und-sicherheit\/","url_meta":{"origin":12629,"position":5},"title":"Meister f\u00fcr Schutz und Sicherheit","author":"admin","date":"19. Dezember 2014","format":false,"excerpt":"[pdf_button]\/wp-content\/uploads\/2015\/09\/Sicherheit-Meister-Schutz-und-Sicherheit.pdf[\/pdf_button] Vorwort Als Meister\/in f\u00fcr Schutz und Sicherheit habst Du einen au\u00dferordentlichen vielf\u00e4ltigen und interessanten Beruf. Du nimmst in Firmen und Betrieben F\u00fchrungsaufgaben war. Als Gepr\u00fcfter Meister\/in f\u00fcr Schutz und Sicherheit bist Du in privaten und \u00f6ffentlichen Unternehmen unterschiedlicher Gr\u00f6\u00dfe und Branchenzugeh\u00f6rigkeit t\u00e4tig. In verschiedenen Bereichen und T\u00e4tigkeitsfeldern eines Unternehmens\u2026","rel":"","context":"\u00c4hnlicher Beitrag","block_context":{"text":"\u00c4hnlicher Beitrag","link":""},"img":{"alt_text":"","src":"","width":0,"height":0},"classes":[]}],"_links":{"self":[{"href":"https:\/\/saw-biz.net\/home\/wp-json\/wp\/v2\/pages\/12629","targetHints":{"allow":["GET"]}}],"collection":[{"href":"https:\/\/saw-biz.net\/home\/wp-json\/wp\/v2\/pages"}],"about":[{"href":"https:\/\/saw-biz.net\/home\/wp-json\/wp\/v2\/types\/page"}],"author":[{"embeddable":true,"href":"https:\/\/saw-biz.net\/home\/wp-json\/wp\/v2\/users\/1"}],"replies":[{"embeddable":true,"href":"https:\/\/saw-biz.net\/home\/wp-json\/wp\/v2\/comments?post=12629"}],"version-history":[{"count":4,"href":"https:\/\/saw-biz.net\/home\/wp-json\/wp\/v2\/pages\/12629\/revisions"}],"predecessor-version":[{"id":12636,"href":"https:\/\/saw-biz.net\/home\/wp-json\/wp\/v2\/pages\/12629\/revisions\/12636"}],"wp:attachment":[{"href":"https:\/\/saw-biz.net\/home\/wp-json\/wp\/v2\/media?parent=12629"}],"curies":[{"name":"wp","href":"https:\/\/api.w.org\/{rel}","templated":true}]}}