{"id":12577,"date":"2023-07-11T13:43:59","date_gmt":"2023-07-11T11:43:59","guid":{"rendered":"https:\/\/saw-biz.net\/home\/?page_id=12577"},"modified":"2023-07-11T14:23:24","modified_gmt":"2023-07-11T12:23:24","slug":"mobile-sicherheitskraft-inkl-pkw-fuehrerschein","status":"publish","type":"page","link":"https:\/\/saw-biz.net\/home\/mobile-sicherheitskraft-inkl-pkw-fuehrerschein\/","title":{"rendered":"Mobile Sicherheitskraft inkl. PKW F\u00fchrerschein"},"content":{"rendered":"<h3>Vorwort<\/h3>\n<p>Mobil und sicher &#8211; Dein Weg zur Mobilen Sicherheitskraft!<\/p>\n<p>Herzlich willkommen zu unserer Ma\u00dfnahme, die dich auf den spannenden Berufsweg der Mobilen Sicherheitskraft vorbereitet und dir gleichzeitig die M\u00f6glichkeit bietet, den F\u00fchrerschein zu erwerben. In einer Welt, in der Mobilit\u00e4t und Sicherheit eine zunehmend wichtige Rolle spielen, bieten wir dir die Chance, beides miteinander zu verbinden und eine vielseitige Karriere in der Sicherheitsbranche anzustreben.<\/p>\n<h3>Zielgruppe\u00a0<\/h3>\n<p>Die Zielgruppe f\u00fcr das Mobile Sicherheitskraft Ausbildungsprogramm umfasst Personen, die Interesse daran haben, eine Karriere im Bereich der Sicherheitsbranche anzustreben und gleichzeitig mobil sein m\u00f6chten. Speziell richtet sich das Programm an folgende Zielgruppen:<\/p>\n<h3>Dauer der Ausbildung<\/h3>\n<ul>\n<li>5,5 Monate (880 Unterrichtseinheiten zu je 45 min.)<\/li>\n<\/ul>\n<h3>Inhalte<\/h3>\n<ul>\n<li>Vorbereitung auf die Sachkundepr\u00fcfung \u00a734a GewO<\/li>\n<li>Waffensachkunde \u00a77 WaffG<\/li>\n<li>Dienstkunde<\/li>\n<li>Brandschutz- und Evakuierungshelfer<\/li>\n<li>Erste Hilfe Kurs<\/li>\n<li>F\u00fchrerschein Klasse B\u00a0<\/li>\n<\/ul>\n<h3>Unterrichtszeiten<\/h3>\n<ul>\n<li>Montag &#8211; Freitag in Vollzeit von 08.30 Uhr &#8211; 16.00 Uhr<\/li>\n<li>Fahrschulzeiten richten nach der Fahrschule und Fahrtstunden<\/li>\n<\/ul>\n<h3>Zulassungsvoraussetzungen<\/h3>\n<ul>\n<li>18 Jahre alt<\/li>\n<li>Deutsch in Wort und Schrift<\/li>\n<li>keine relevanten Eintr\u00e4ge im F\u00fchrungszeugnis<\/li>\n<li>kein vorliegendes Fahrverbot oder anstehende MPU<\/li>\n<\/ul>\n<h3>F\u00f6rderungen<\/h3>\n<p>Bei Erf\u00fcllung bestimmter Kriterien, ist eine F\u00f6rderung durch verschiedene Stellen, (Bundesagentur f\u00fcr Arbeit, Jobcenter und DRV) m\u00f6glich. Bei Fragen zur F\u00f6rderung, kannst Du dich gerne mit uns in Verbindung setzen.<\/p>\n<h3>Kosten<\/h3>\n<ul>\n<li>Auf Anfrage<\/li>\n<\/ul>\n<h3>Abschluss<\/h3>\n<ul>\n<li>Sachkundepr\u00fcfung \u00a734a GewO\u00a0<\/li>\n<li>Waffensachkunde \u00a77 WaffG<\/li>\n<li>Brandschutz- und Evakuierungshelfer<\/li>\n<li>PKW F\u00fchrerschein<\/li>\n<li>Tr\u00e4gerinternes Teilnahmezertifikat<\/li>\n<\/ul>","protected":false},"excerpt":{"rendered":"<p>Vorwort Mobil und sicher &#8211; Dein Weg zur Mobilen Sicherheitskraft! Herzlich willkommen zu unserer Ma\u00dfnahme, die dich auf den spannenden Berufsweg der Mobilen Sicherheitskraft vorbereitet und dir gleichzeitig die M\u00f6glichkeit bietet, den F\u00fchrerschein zu erwerben. In einer Welt, in der Mobilit\u00e4t und Sicherheit eine zunehmend wichtige Rolle spielen, bieten wir dir die Chance, beides miteinander &#8230;<\/p>","protected":false},"author":1,"featured_media":0,"parent":0,"menu_order":0,"comment_status":"closed","ping_status":"closed","template":"","meta":{"_exactmetrics_skip_tracking":false,"_exactmetrics_sitenote_active":false,"_exactmetrics_sitenote_note":"","_exactmetrics_sitenote_category":0,"jetpack_post_was_ever_published":false,"footnotes":"","_links_to":"","_links_to_target":""},"class_list":["post-12577","page","type-page","status-publish","hentry"],"jetpack_sharing_enabled":true,"jetpack_shortlink":"https:\/\/wp.me\/P5coPr-3gR","jetpack-related-posts":[{"id":1111,"url":"https:\/\/saw-biz.net\/home\/bildung\/sicherheit\/gepruefte-schutz-und-sicherheitskraft\/","url_meta":{"origin":12577,"position":0},"title":"Gepr\u00fcfte Schutz- und Sicherheitskraft","author":"admin","date":"19. Dezember 2014","format":false,"excerpt":"Vorwort Als erweiterte Qualifikationsstufe er\u00f6ffnet die Pr\u00fcfung zur \u201eGepr\u00fcften Schutz- und Sicherheitskraft\u201c dem Mitarbeiter neue und komplexere Aufgabenbereiche. Durch die Ausbildungsqualifikation zur Gepr\u00fcften Schutz- und Sicherheitskraft hast Du im Unternehmen mehr Chancen beruflich aufzusteigen. Zielgruppe Menschen die schon in der Sicherheitswirtschaft arbeiten und sich weiterqualifizieren m\u00f6chten. Dauer der Ausbildung 320\u2026","rel":"","context":"\u00c4hnlicher Beitrag","block_context":{"text":"\u00c4hnlicher Beitrag","link":""},"img":{"alt_text":"","src":"","width":0,"height":0},"classes":[]},{"id":2493,"url":"https:\/\/saw-biz.net\/home\/ueber-uns\/leitbild\/","url_meta":{"origin":12577,"position":1},"title":"Zahlen und Fakten","author":"admin","date":"15. September 2015","format":false,"excerpt":"Die Sicherheitswirtschaft ist ein bedeutender Arbeitgeber in Deutschland. Laut Angaben des Bundesverbandes der Sicherheitswirtschaft (BDSW) gibt es mehr als 250.000 Besch\u00e4ftigte in der Branche (Stand 2021). Die Zahl der Mitarbeiterinnen und Mitarbeiter ist in den letzten Jahren kontinuierlich gestiegen. Umsatz Die Sicherheitsbranche verzeichnet ebenfalls einen hohen Umsatz. Im Jahr 2020\u2026","rel":"","context":"\u00c4hnlicher Beitrag","block_context":{"text":"\u00c4hnlicher Beitrag","link":""},"img":{"alt_text":"","src":"","width":0,"height":0},"classes":[]},{"id":12629,"url":"https:\/\/saw-biz.net\/home\/kompaktlehrgang-sicherheitskraft\/","url_meta":{"origin":12577,"position":2},"title":"Kompaktlehrgang Sicherheitskraft","author":"admin","date":"13. Juli 2023","format":false,"excerpt":"Vorwort Wir verstehen, dass die sprachliche Barriere eine Herausforderung darstellen kann, aber wir sind fest davon \u00fcberzeugt, dass Sprache keine Grenzen setzen sollte, wenn es um die Sicherheit von Menschen und Eigentum geht. Der Kompaktlehrgang beinhaltet das Unterrichtsverfahren gem\u00e4\u00df \u00a734a GewO, dass mit dem Deutsch Niveau B1 gut absolviert werden\u2026","rel":"","context":"\u00c4hnlicher Beitrag","block_context":{"text":"\u00c4hnlicher Beitrag","link":""},"img":{"alt_text":"","src":"","width":0,"height":0},"classes":[]},{"id":2913,"url":"https:\/\/saw-biz.net\/home\/bildung\/sicherheit\/mobile-sicherheitskraft\/","url_meta":{"origin":12577,"position":3},"title":"Mobile Sicherheitskraft","author":"Changes SAW-Bildungszentrum","date":"2. Oktober 2015","format":false,"excerpt":"[pdf_button]\/wp-content\/uploads\/2015\/10\/Sicherheit-Mobile-Sicherheitskraft.pdf[\/pdf_button] Zielgruppe Personen (m \/ w) mit Interesse f\u00fcr eine berufliche Neuorientierung bzw. Qualifizierung im Sicherheitsgewerbe. Dauer der Ausbildung 880 Stunden Theorie Inhalte der Ausbildung Sachkunde nach \u00a734a GewO (IHK) Dienstkunde F\u00fchrerschein Klasse B (PKW) Waffensachkunde \u00a77 WaffG Brandschutz- und Evakuierungshelfer \u00a710 ArbSchG Ersthelfer (16 Stunden) Unterrichtszeiten Die Ausbildung findet\u2026","rel":"","context":"\u00c4hnlicher Beitrag","block_context":{"text":"\u00c4hnlicher Beitrag","link":""},"img":{"alt_text":"","src":"","width":0,"height":0},"classes":[]},{"id":12500,"url":"https:\/\/saw-biz.net\/home\/grundausbildung-sicherheitskraft\/","url_meta":{"origin":12577,"position":4},"title":"Grundausbildung Sicherheitskraft","author":"admin","date":"10. Juli 2023","format":false,"excerpt":"Vorwort Mit der Grundausbildung Sicherheitskraft, bist Du bestens vorbereitet und den meisten Sicherheitsmitarbeitern einen Schritt voraus. Durch wichtige Zusatzqualifikationen, machst Du dich f\u00fcr den Arbeitsmarkt sehr attraktiv und das spiegelt sich auch im Verdienst wieder. Zielgruppe Personen die in der Sicherheitsbrache gut aufgestellt und flexibel sein m\u00f6chten. Dauer der Ausbildung\u2026","rel":"","context":"\u00c4hnlicher Beitrag","block_context":{"text":"\u00c4hnlicher Beitrag","link":""},"img":{"alt_text":"","src":"","width":0,"height":0},"classes":[]},{"id":1326,"url":"https:\/\/saw-biz.net\/home\/","url_meta":{"origin":12577,"position":5},"title":"Startseite","author":"admin","date":"21. Dezember 2014","format":false,"excerpt":"Herzlich Willkommen Sch\u00f6n, dass Du den Weg zu uns gefunden hast. Hier bist Du genau richtig, um dein Wissen und deine F\u00e4higkeiten im Bereich der Sicherheit zu erweitern. Wir stehen dir zur Seite, um dir eine praxisorientierte Aus- und Weiterbildung zu bieten, damit Du in der dynamischen Welt der Sicherheitsbranche\u2026","rel":"","context":"\u00c4hnlicher Beitrag","block_context":{"text":"\u00c4hnlicher Beitrag","link":""},"img":{"alt_text":"","src":"","width":0,"height":0},"classes":[]}],"_links":{"self":[{"href":"https:\/\/saw-biz.net\/home\/wp-json\/wp\/v2\/pages\/12577","targetHints":{"allow":["GET"]}}],"collection":[{"href":"https:\/\/saw-biz.net\/home\/wp-json\/wp\/v2\/pages"}],"about":[{"href":"https:\/\/saw-biz.net\/home\/wp-json\/wp\/v2\/types\/page"}],"author":[{"embeddable":true,"href":"https:\/\/saw-biz.net\/home\/wp-json\/wp\/v2\/users\/1"}],"replies":[{"embeddable":true,"href":"https:\/\/saw-biz.net\/home\/wp-json\/wp\/v2\/comments?post=12577"}],"version-history":[{"count":2,"href":"https:\/\/saw-biz.net\/home\/wp-json\/wp\/v2\/pages\/12577\/revisions"}],"predecessor-version":[{"id":12581,"href":"https:\/\/saw-biz.net\/home\/wp-json\/wp\/v2\/pages\/12577\/revisions\/12581"}],"wp:attachment":[{"href":"https:\/\/saw-biz.net\/home\/wp-json\/wp\/v2\/media?parent=12577"}],"curies":[{"name":"wp","href":"https:\/\/api.w.org\/{rel}","templated":true}]}}

Mobile Sicherheitskraft inkl. PKW Führerschein

<h3>Vorwort</h3>
<p>Mobil und sicher &#8211; Dein Weg zur Mobilen Sicherheitskraft!</p>
<p>Herzlich willkommen zu unserer Maßnahme, die dich auf den spannenden Berufsweg der Mobilen Sicherheitskraft vorbereitet und dir gleichzeitig die Möglichkeit bietet, den Führerschein zu erwerben. In einer Welt, in der Mobilität und Sicherheit eine zunehmend wichtige Rolle spielen, bieten wir dir die Chance, beides miteinander zu verbinden und eine vielseitige Karriere in der Sicherheitsbranche anzustreben.</p>
<h3>Zielgruppe </h3>
<p>Die Zielgruppe für das Mobile Sicherheitskraft Ausbildungsprogramm umfasst Personen, die Interesse daran haben, eine Karriere im Bereich der Sicherheitsbranche anzustreben und gleichzeitig mobil sein möchten. Speziell richtet sich das Programm an folgende Zielgruppen:</p>
<h3>Dauer der Ausbildung</h3>
<ul>
<li>5,5 Monate (880 Unterrichtseinheiten zu je 45 min.)</li>
</ul>
<h3>Inhalte</h3>
<ul>
<li>Vorbereitung auf die Sachkundeprüfung §34a GewO</li>
<li>Waffensachkunde §7 WaffG</li>
<li>Dienstkunde</li>
<li>Brandschutz- und Evakuierungshelfer</li>
<li>Erste Hilfe Kurs</li>
<li>Führerschein Klasse B </li>
</ul>
<h3>Unterrichtszeiten</h3>
<ul>
<li>Montag &#8211; Freitag in Vollzeit von 08.30 Uhr &#8211; 16.00 Uhr</li>
<li>Fahrschulzeiten richten nach der Fahrschule und Fahrtstunden</li>
</ul>
<h3>Zulassungsvoraussetzungen</h3>
<ul>
<li>18 Jahre alt</li>
<li>Deutsch in Wort und Schrift</li>
<li>keine relevanten Einträge im Führungszeugnis</li>
<li>kein vorliegendes Fahrverbot oder anstehende MPU</li>
</ul>
<h3>Förderungen</h3>
<p>Bei Erfüllung bestimmter Kriterien, ist eine Förderung durch verschiedene Stellen, (Bundesagentur für Arbeit, Jobcenter und DRV) möglich. Bei Fragen zur Förderung, kannst Du dich gerne mit uns in Verbindung setzen.</p>
<h3>Kosten</h3>
<ul>
<li>Auf Anfrage</li>
</ul>
<h3>Abschluss</h3>
<ul>
<li>Sachkundeprüfung §34a GewO </li>
<li>Waffensachkunde §7 WaffG</li>
<li>Brandschutz- und Evakuierungshelfer</li>
<li>PKW Führerschein</li>
<li>Trägerinternes Teilnahmezertifikat</li>
</ul>

<p>Vorwort Mobil und sicher &#8211; Dein Weg zur Mobilen Sicherheitskraft! Herzlich willkommen zu unserer Maßnahme, die dich auf den spannenden Berufsweg der Mobilen Sicherheitskraft vorbereitet und dir gleichzeitig die Möglichkeit bietet, den Führerschein zu erwerben. In einer Welt, in der Mobilität und Sicherheit eine zunehmend wichtige Rolle spielen, bieten wir dir die Chance, beides miteinander &#8230;</p>

Geprüfte Schutz- und Sicherheitskraft

Vorwort Als erweiterte Qualifikationsstufe eröffnet die Prüfung zur „Geprüften Schutz- und Sicherheitskraft“ dem Mitarbeiter neue und komplexere Aufgabenbereiche. Durch die Ausbildungsqualifikation zur Geprüften Schutz- und Sicherheitskraft hast Du im Unternehmen mehr Chancen beruflich aufzusteigen. Zielgruppe Menschen die schon in der Sicherheitswirtschaft arbeiten und sich weiterqualifizieren möchten. Dauer der Ausbildung 320…

Ähnlicher Beitrag

Die Sicherheitswirtschaft ist ein bedeutender Arbeitgeber in Deutschland. Laut Angaben des Bundesverbandes der Sicherheitswirtschaft (BDSW) gibt es mehr als 250.000 Beschäftigte in der Branche (Stand 2021). Die Zahl der Mitarbeiterinnen und Mitarbeiter ist in den letzten Jahren kontinuierlich gestiegen. Umsatz Die Sicherheitsbranche verzeichnet ebenfalls einen hohen Umsatz. Im Jahr 2020…

Vorwort Wir verstehen, dass die sprachliche Barriere eine Herausforderung darstellen kann, aber wir sind fest davon überzeugt, dass Sprache keine Grenzen setzen sollte, wenn es um die Sicherheit von Menschen und Eigentum geht. Der Kompaktlehrgang beinhaltet das Unterrichtsverfahren gemäß §34a GewO, dass mit dem Deutsch Niveau B1 gut absolviert werden…

[pdf_button]/wp-content/uploads/2015/10/Sicherheit-Mobile-Sicherheitskraft.pdf[/pdf_button] Zielgruppe Personen (m / w) mit Interesse für eine berufliche Neuorientierung bzw. Qualifizierung im Sicherheitsgewerbe. Dauer der Ausbildung 880 Stunden Theorie Inhalte der Ausbildung Sachkunde nach §34a GewO (IHK) Dienstkunde Führerschein Klasse B (PKW) Waffensachkunde §7 WaffG Brandschutz- und Evakuierungshelfer §10 ArbSchG Ersthelfer (16 Stunden) Unterrichtszeiten Die Ausbildung findet…

Vorwort Mit der Grundausbildung Sicherheitskraft, bist Du bestens vorbereitet und den meisten Sicherheitsmitarbeitern einen Schritt voraus. Durch wichtige Zusatzqualifikationen, machst Du dich für den Arbeitsmarkt sehr attraktiv und das spiegelt sich auch im Verdienst wieder. Zielgruppe Personen die in der Sicherheitsbrache gut aufgestellt und flexibel sein möchten. Dauer der Ausbildung…

Herzlich Willkommen Schön, dass Du den Weg zu uns gefunden hast. Hier bist Du genau richtig, um dein Wissen und deine Fähigkeiten im Bereich der Sicherheit zu erweitern. Wir stehen dir zur Seite, um dir eine praxisorientierte Aus- und Weiterbildung zu bieten, damit Du in der dynamischen Welt der Sicherheitsbranche…
