{"id":12500,"date":"2023-07-10T16:23:48","date_gmt":"2023-07-10T14:23:48","guid":{"rendered":"https:\/\/saw-biz.net\/home\/?page_id=12500"},"modified":"2023-07-13T16:07:56","modified_gmt":"2023-07-13T14:07:56","slug":"grundausbildung-sicherheitskraft","status":"publish","type":"page","link":"https:\/\/saw-biz.net\/home\/grundausbildung-sicherheitskraft\/","title":{"rendered":"Grundausbildung Sicherheitskraft"},"content":{"rendered":"<h3>Vorwort<\/h3>\n<p>Mit der Grundausbildung Sicherheitskraft, bist Du bestens vorbereitet und den meisten Sicherheitsmitarbeitern einen Schritt voraus. Durch wichtige Zusatzqualifikationen, machst Du dich f\u00fcr den Arbeitsmarkt sehr attraktiv und das spiegelt sich auch im Verdienst wieder.<\/p>\n<h3>Zielgruppe<\/h3>\n<p>Personen die in der Sicherheitsbrache gut aufgestellt und flexibel sein m\u00f6chten.<\/p>\n<h3>Dauer der Ausbildung<\/h3>\n<p style=\"text-align: left;\">5,5 Monate<\/p>\n<h3>Inhalte der Ausbildung<\/h3>\n<ol>\n<li>Vorbereitung auf die Sachkundepr\u00fcfung \u00a734a GewO<\/li>\n<li>Dienstkunde<\/li>\n<li>Waffensachkunde \u00a77 WaffG<\/li>\n<li>Sanit\u00e4tslehrgang f\u00fcr Sicherheitsmitarbeiter<\/li>\n<li>Brandschutz- und Evakuierungshelfer<\/li>\n<li>Betriebliche Lernphase<\/li>\n<\/ol>\n<h3>Unterrichtszeiten<\/h3>\n<ul>\n<li>Theorie: Montag &#8211; Freitag von 08.30. Uhr &#8211; 16.00 Uhr \u00a0 \u00a0<\/li>\n<li>Betriebliche Lernphase: Uhrzeiten richten sich nach Betrieb und Einsatzzeiten<\/li>\n<\/ul>\n<h3>Zulassungsvorraussetzungen:<\/h3>\n<ul>\n<li>18 Jahre alt<\/li>\n<li>Deutsch in Wort und Schrift<\/li>\n<li>keine relevanten Eintr\u00e4ge im F\u00fchrungszeugnis<\/li>\n<\/ul>\n<h3>F\u00f6rderungen<\/h3>\n<p>Bei Erf\u00fcllung bestimmter Kriterien, ist eine F\u00f6rderung durch verschiedene Stellen, (Bundesagentur f\u00fcr Arbeit, Jobcenter und DRV) m\u00f6glich. Bei Fragen zur F\u00f6rderung, kannst Du dich gerne mit uns in Verbindung setzen.<\/p>\n<h3>Kosten<\/h3>\n<p>auf Anfrage<\/p>\n<h3>Abschluss<\/h3>\n<ul>\n<li>Sachkunde \u00a734a GewO von der IHK<\/li>\n<li>Waffensachkunde \u00a77 WaffG<\/li>\n<li>Brandschutz- und Evakuierungshelfer<\/li>\n<li>Sanit\u00e4tslehrgang f\u00fcr Sicherheitsmitarbeiter<\/li>\n<li>Tr\u00e4gerinternes SAW Zertifikat<\/li>\n<\/ul>\n<p>\u00a0<\/p>","protected":false},"excerpt":{"rendered":"<p>Vorwort Mit der Grundausbildung Sicherheitskraft, bist Du bestens vorbereitet und den meisten Sicherheitsmitarbeitern einen Schritt voraus. Durch wichtige Zusatzqualifikationen, machst Du dich f\u00fcr den Arbeitsmarkt sehr attraktiv und das spiegelt sich auch im Verdienst wieder. Zielgruppe Personen die in der Sicherheitsbrache gut aufgestellt und flexibel sein m\u00f6chten. Dauer der Ausbildung 5,5 Monate Inhalte der Ausbildung &#8230;<\/p>","protected":false},"author":1,"featured_media":0,"parent":0,"menu_order":0,"comment_status":"closed","ping_status":"closed","template":"","meta":{"_exactmetrics_skip_tracking":false,"_exactmetrics_sitenote_active":false,"_exactmetrics_sitenote_note":"","_exactmetrics_sitenote_category":0,"jetpack_post_was_ever_published":false,"footnotes":"","_links_to":"","_links_to_target":""},"class_list":["post-12500","page","type-page","status-publish","hentry"],"jetpack_sharing_enabled":true,"jetpack_shortlink":"https:\/\/wp.me\/P5coPr-3fC","jetpack-related-posts":[{"id":1067,"url":"https:\/\/saw-biz.net\/home\/bildung\/sicherheit\/fachkraft-fuer-schutz-und-sicherheit\/","url_meta":{"origin":12500,"position":0},"title":"Fachkraft f\u00fcr Schutz und Sicherheit","author":"admin","date":"18. Dezember 2014","format":false,"excerpt":"[pdf_button]\/wp-content\/uploads\/2015\/09\/Sicherheit-Fachkraft-Schutz-und-Sicherheit.pdf[\/pdf_button] Vorwort Fachkr\u00e4fte f\u00fcr Schutz und Sicherheit sch\u00fctzen Personen, Objekte, Anlagen und Werte. Sie planen vorbeugende Ma\u00dfnahmen f\u00fcr deren Sicherheit bzw. zur Abwehr von Gefahren und f\u00fchren sie durch. In erster Linie arbeiten sie in Betrieben des Objekt-, Werte- und Personenschutzes bzw. in der Sicherheitsberatung und -schulung. Auch in Flughafenbetrieben\u2026","rel":"","context":"\u00c4hnlicher Beitrag","block_context":{"text":"\u00c4hnlicher Beitrag","link":""},"img":{"alt_text":"","src":"","width":0,"height":0},"classes":[]},{"id":1113,"url":"https:\/\/saw-biz.net\/home\/bildung\/sicherheit\/grundausbildung-sicherheitskraft\/","url_meta":{"origin":12500,"position":1},"title":"Grundausbildung Sicherheitskraft","author":"admin","date":"19. Dezember 2014","format":false,"excerpt":"[pdf_button]\/wp-content\/uploads\/2015\/09\/Sicherheit-Grundausbildung-Sicherheitskraft.pdf[\/pdf_button] Zielgruppe Wir suchen weibliche \/ m\u00e4nnliche Personen mit Interesse f\u00fcr eine berufliche Neuorientierung bzw. Qualifizierung im Sicherheitsgewerbe. Dauer der Ausbildung 7600 Stunden Theorie 120 Stunden Praxis Mindestalter von 18 Jahren Inhalte der Ausbildung Sachkunde nach \u00a734a GewO Dienstkunde Betriebssanit\u00e4ter (BG) Waffensachkunde \u00a77 WaffG Brandschutz- und Evakuierungshelfer \u00a710 ArbSchG Eingriffsbefugnisse\u2026","rel":"","context":"\u00c4hnlicher Beitrag","block_context":{"text":"\u00c4hnlicher Beitrag","link":""},"img":{"alt_text":"","src":"","width":0,"height":0},"classes":[]},{"id":1111,"url":"https:\/\/saw-biz.net\/home\/bildung\/sicherheit\/gepruefte-schutz-und-sicherheitskraft\/","url_meta":{"origin":12500,"position":2},"title":"Gepr\u00fcfte Schutz- und Sicherheitskraft","author":"admin","date":"19. Dezember 2014","format":false,"excerpt":"Vorwort Als erweiterte Qualifikationsstufe er\u00f6ffnet die Pr\u00fcfung zur \u201eGepr\u00fcften Schutz- und Sicherheitskraft\u201c dem Mitarbeiter neue und komplexere Aufgabenbereiche. Durch die Ausbildungsqualifikation zur Gepr\u00fcften Schutz- und Sicherheitskraft hast Du im Unternehmen mehr Chancen beruflich aufzusteigen. Zielgruppe Menschen die schon in der Sicherheitswirtschaft arbeiten und sich weiterqualifizieren m\u00f6chten. Dauer der Ausbildung 320\u2026","rel":"","context":"\u00c4hnlicher Beitrag","block_context":{"text":"\u00c4hnlicher Beitrag","link":""},"img":{"alt_text":"","src":"","width":0,"height":0},"classes":[]},{"id":12577,"url":"https:\/\/saw-biz.net\/home\/mobile-sicherheitskraft-inkl-pkw-fuehrerschein\/","url_meta":{"origin":12500,"position":3},"title":"Mobile Sicherheitskraft inkl. PKW F\u00fchrerschein","author":"admin","date":"11. Juli 2023","format":false,"excerpt":"Vorwort Mobil und sicher - Dein Weg zur Mobilen Sicherheitskraft! Herzlich willkommen zu unserer Ma\u00dfnahme, die dich auf den spannenden Berufsweg der Mobilen Sicherheitskraft vorbereitet und dir gleichzeitig die M\u00f6glichkeit bietet, den F\u00fchrerschein zu erwerben. In einer Welt, in der Mobilit\u00e4t und Sicherheit eine zunehmend wichtige Rolle spielen, bieten wir\u2026","rel":"","context":"\u00c4hnlicher Beitrag","block_context":{"text":"\u00c4hnlicher Beitrag","link":""},"img":{"alt_text":"","src":"","width":0,"height":0},"classes":[]},{"id":1110,"url":"https:\/\/saw-biz.net\/home\/bildung\/fachkraft-fuer-schutz-und-sicherheit\/","url_meta":{"origin":12500,"position":4},"title":"Fachkraft f\u00fcr Schutz und Sicherheit","author":"admin","date":"19. Dezember 2014","format":false,"excerpt":"[pdf_button]http:\/\/saw-biz.net\/wp-content\/uploads\/2017\/02\/5.-Fachkraft-Schutz-und-Sicherheit-Soldaten-ohne-Anschnitt.pdf[\/pdf_button] Vorwort Fachkr\u00e4fte f\u00fcr Schutz und Sicherheit sch\u00fctzen Personen, Objekte, Anlagen und Werte. Sie planen vorbeugende Ma\u00dfnahmen f\u00fcr deren Sicherheit bzw. zur Abwehr von Gefahren und f\u00fchren sie durch. In erster Linie arbeiten sie in Betrieben des Objekt-, Werte- und Personenschutzes bzw. in der Sicherheitsberatung und -schulung. Auch in Flughafenbetrieben\u2026","rel":"","context":"\u00c4hnlicher Beitrag","block_context":{"text":"\u00c4hnlicher Beitrag","link":""},"img":{"alt_text":"","src":"","width":0,"height":0},"classes":[]},{"id":12629,"url":"https:\/\/saw-biz.net\/home\/kompaktlehrgang-sicherheitskraft\/","url_meta":{"origin":12500,"position":5},"title":"Kompaktlehrgang Sicherheitskraft","author":"admin","date":"13. Juli 2023","format":false,"excerpt":"Vorwort Wir verstehen, dass die sprachliche Barriere eine Herausforderung darstellen kann, aber wir sind fest davon \u00fcberzeugt, dass Sprache keine Grenzen setzen sollte, wenn es um die Sicherheit von Menschen und Eigentum geht. Der Kompaktlehrgang beinhaltet das Unterrichtsverfahren gem\u00e4\u00df \u00a734a GewO, dass mit dem Deutsch Niveau B1 gut absolviert werden\u2026","rel":"","context":"\u00c4hnlicher Beitrag","block_context":{"text":"\u00c4hnlicher Beitrag","link":""},"img":{"alt_text":"","src":"","width":0,"height":0},"classes":[]}],"_links":{"self":[{"href":"https:\/\/saw-biz.net\/home\/wp-json\/wp\/v2\/pages\/12500","targetHints":{"allow":["GET"]}}],"collection":[{"href":"https:\/\/saw-biz.net\/home\/wp-json\/wp\/v2\/pages"}],"about":[{"href":"https:\/\/saw-biz.net\/home\/wp-json\/wp\/v2\/types\/page"}],"author":[{"embeddable":true,"href":"https:\/\/saw-biz.net\/home\/wp-json\/wp\/v2\/users\/1"}],"replies":[{"embeddable":true,"href":"https:\/\/saw-biz.net\/home\/wp-json\/wp\/v2\/comments?post=12500"}],"version-history":[{"count":8,"href":"https:\/\/saw-biz.net\/home\/wp-json\/wp\/v2\/pages\/12500\/revisions"}],"predecessor-version":[{"id":12639,"href":"https:\/\/saw-biz.net\/home\/wp-json\/wp\/v2\/pages\/12500\/revisions\/12639"}],"wp:attachment":[{"href":"https:\/\/saw-biz.net\/home\/wp-json\/wp\/v2\/media?parent=12500"}],"curies":[{"name":"wp","href":"https:\/\/api.w.org\/{rel}","templated":true}]}}

<h3>Vorwort</h3>
<p>Mit der Grundausbildung Sicherheitskraft, bist Du bestens vorbereitet und den meisten Sicherheitsmitarbeitern einen Schritt voraus. Durch wichtige Zusatzqualifikationen, machst Du dich für den Arbeitsmarkt sehr attraktiv und das spiegelt sich auch im Verdienst wieder.</p>
<h3>Zielgruppe</h3>
<p>Personen die in der Sicherheitsbrache gut aufgestellt und flexibel sein möchten.</p>
<h3>Dauer der Ausbildung</h3>
<p style="text-align: left;">5,5 Monate</p>
<h3>Inhalte der Ausbildung</h3>
<ol>
<li>Vorbereitung auf die Sachkundeprüfung §34a GewO</li>
<li>Dienstkunde</li>
<li>Waffensachkunde §7 WaffG</li>
<li>Sanitätslehrgang für Sicherheitsmitarbeiter</li>
<li>Brandschutz- und Evakuierungshelfer</li>
<li>Betriebliche Lernphase</li>
</ol>
<h3>Unterrichtszeiten</h3>
<ul>
<li>Theorie: Montag &#8211; Freitag von 08.30. Uhr &#8211; 16.00 Uhr    </li>
<li>Betriebliche Lernphase: Uhrzeiten richten sich nach Betrieb und Einsatzzeiten</li>
</ul>
<h3>Zulassungsvorraussetzungen:</h3>
<ul>
<li>18 Jahre alt</li>
<li>Deutsch in Wort und Schrift</li>
<li>keine relevanten Einträge im Führungszeugnis</li>
</ul>
<h3>Förderungen</h3>
<p>Bei Erfüllung bestimmter Kriterien, ist eine Förderung durch verschiedene Stellen, (Bundesagentur für Arbeit, Jobcenter und DRV) möglich. Bei Fragen zur Förderung, kannst Du dich gerne mit uns in Verbindung setzen.</p>
<h3>Kosten</h3>
<p>auf Anfrage</p>
<h3>Abschluss</h3>
<ul>
<li>Sachkunde §34a GewO von der IHK</li>
<li>Waffensachkunde §7 WaffG</li>
<li>Brandschutz- und Evakuierungshelfer</li>
<li>Sanitätslehrgang für Sicherheitsmitarbeiter</li>
<li>Trägerinternes SAW Zertifikat</li>
</ul>
<p> </p>

<p>Vorwort Mit der Grundausbildung Sicherheitskraft, bist Du bestens vorbereitet und den meisten Sicherheitsmitarbeitern einen Schritt voraus. Durch wichtige Zusatzqualifikationen, machst Du dich für den Arbeitsmarkt sehr attraktiv und das spiegelt sich auch im Verdienst wieder. Zielgruppe Personen die in der Sicherheitsbrache gut aufgestellt und flexibel sein möchten. Dauer der Ausbildung 5,5 Monate Inhalte der Ausbildung &#8230;</p>

Fachkraft für Schutz und Sicherheit

[pdf_button]/wp-content/uploads/2015/09/Sicherheit-Fachkraft-Schutz-und-Sicherheit.pdf[/pdf_button] Vorwort Fachkräfte für Schutz und Sicherheit schützen Personen, Objekte, Anlagen und Werte. Sie planen vorbeugende Maßnahmen für deren Sicherheit bzw. zur Abwehr von Gefahren und führen sie durch. In erster Linie arbeiten sie in Betrieben des Objekt-, Werte- und Personenschutzes bzw. in der Sicherheitsberatung und -schulung. Auch in Flughafenbetrieben…

Ähnlicher Beitrag

[pdf_button]/wp-content/uploads/2015/09/Sicherheit-Grundausbildung-Sicherheitskraft.pdf[/pdf_button] Zielgruppe Wir suchen weibliche / männliche Personen mit Interesse für eine berufliche Neuorientierung bzw. Qualifizierung im Sicherheitsgewerbe. Dauer der Ausbildung 7600 Stunden Theorie 120 Stunden Praxis Mindestalter von 18 Jahren Inhalte der Ausbildung Sachkunde nach §34a GewO Dienstkunde Betriebssanitäter (BG) Waffensachkunde §7 WaffG Brandschutz- und Evakuierungshelfer §10 ArbSchG Eingriffsbefugnisse…

Geprüfte Schutz- und Sicherheitskraft

Vorwort Als erweiterte Qualifikationsstufe eröffnet die Prüfung zur „Geprüften Schutz- und Sicherheitskraft“ dem Mitarbeiter neue und komplexere Aufgabenbereiche. Durch die Ausbildungsqualifikation zur Geprüften Schutz- und Sicherheitskraft hast Du im Unternehmen mehr Chancen beruflich aufzusteigen. Zielgruppe Menschen die schon in der Sicherheitswirtschaft arbeiten und sich weiterqualifizieren möchten. Dauer der Ausbildung 320…

Mobile Sicherheitskraft inkl. PKW Führerschein

Vorwort Mobil und sicher - Dein Weg zur Mobilen Sicherheitskraft! Herzlich willkommen zu unserer Maßnahme, die dich auf den spannenden Berufsweg der Mobilen Sicherheitskraft vorbereitet und dir gleichzeitig die Möglichkeit bietet, den Führerschein zu erwerben. In einer Welt, in der Mobilität und Sicherheit eine zunehmend wichtige Rolle spielen, bieten wir…

[pdf_button]http://saw-biz.net/wp-content/uploads/2017/02/5.-Fachkraft-Schutz-und-Sicherheit-Soldaten-ohne-Anschnitt.pdf[/pdf_button] Vorwort Fachkräfte für Schutz und Sicherheit schützen Personen, Objekte, Anlagen und Werte. Sie planen vorbeugende Maßnahmen für deren Sicherheit bzw. zur Abwehr von Gefahren und führen sie durch. In erster Linie arbeiten sie in Betrieben des Objekt-, Werte- und Personenschutzes bzw. in der Sicherheitsberatung und -schulung. Auch in Flughafenbetrieben…

Vorwort Wir verstehen, dass die sprachliche Barriere eine Herausforderung darstellen kann, aber wir sind fest davon überzeugt, dass Sprache keine Grenzen setzen sollte, wenn es um die Sicherheit von Menschen und Eigentum geht. Der Kompaktlehrgang beinhaltet das Unterrichtsverfahren gemäß §34a GewO, dass mit dem Deutsch Niveau B1 gut absolviert werden…
