{"id":1176,"date":"2014-12-19T05:00:00","date_gmt":"2014-12-19T03:00:00","guid":{"rendered":"http:\/\/www.saw-biz.net\/?page_id=1176"},"modified":"2017-08-15T11:35:14","modified_gmt":"2017-08-15T09:35:14","slug":"aufstiegs-bafoeg","status":"publish","type":"page","link":"https:\/\/saw-biz.net\/home\/foerdermoeglichkeiten\/aufstiegs-bafoeg\/","title":{"rendered":"Aufstiegs Baf\u00f6g"},"content":{"rendered":"<h4>Aufstiegs Baf\u00f6g<\/h4>\n<p><b>Staatliche Zusch\u00fcsse f\u00fcr Fachwirte, Techniker etc. Alters- und einkommensunabh\u00e4ngige F\u00f6rderungen bis zu 10.226,\u2013 Euro!<\/b><\/p>\n<p>Personen, die das Ziel haben, sich zu Meistern, Technikern, staatlich gepr\u00fcften Betriebswirten, Fachwirten oder Fachkaufleuten fortzubilden, k\u00f6nnen nach dem Aufstiegsfortbildungsf\u00f6rderungs-gesetz (AFBG), dem so genannten Aufstiegs-BAf\u00f6G, gef\u00f6rdert werden. Einen Anspruch haben dabei nicht nur angehende Meister, sondern auch Teilnehmer\/innen an Fortbildungsveranstaltungen, die auf \u00f6ffentlich-rechtliche bzw. staatlich anerkannte Abschl\u00fcsse vorbereiten.<\/p>\n<p><b>Attraktive F\u00f6rderung<\/b><\/p>\n<p>Das Aufstiegs-Baf\u00f6g wird bei Vorliegen der F\u00f6rderungsf\u00e4higkeit einkommens- und verm\u00f6gensunabh\u00e4ngig gew\u00e4hrt. Auch eine Altersgrenze besteht nicht. Die F\u00f6rderung des sog. Ma\u00dfnahmebeitrags wird bis zu einem Betrag von 10.226,\u2013 Euro gew\u00e4hrt. Er setzt sich aus 2 Komponenten zusammen, die unabh\u00e4ngig voneinander in Anspruch genommen werden k\u00f6nnen:<\/p>\n<p>1. Einem nicht r\u00fcckzahlungspflichtigen Zuschuss von 30,5 %<br \/>\n 2. Einem zinsg\u00fcnstigen Darlehen, das Du jedoch nicht wahrnehmen m\u00fcssen<\/p>\n<p><b>Wichtige Informationen zum Darlehen:<\/b><\/p>\n<p>1. Das Darlehen kannst Du, musst Du aber nicht in Anspruch nehmen.<br \/>\n 2. Beim Nachweis der bestandenen Pr\u00fcfung werden Dir 25 % der Darlehensschuld gestrichen.<br \/>\n 3. Existenzgr\u00fcnder, die im Anschluss an die Weiterbildungsma\u00dfnahme Mitarbeiter (auch Azubis) einstellen, bekommen ein weiteres Drittel der Darlehensschuld erlassen.<\/p>","protected":false},"excerpt":{"rendered":"<p>Aufstiegs Baf\u00f6g Staatliche Zusch\u00fcsse f\u00fcr Fachwirte, Techniker etc. Alters- und einkommensunabh\u00e4ngige F\u00f6rderungen bis zu 10.226,\u2013 Euro! Personen, die das Ziel haben, sich zu Meistern, Technikern, staatlich gepr\u00fcften Betriebswirten, Fachwirten oder Fachkaufleuten fortzubilden, k\u00f6nnen nach dem Aufstiegsfortbildungsf\u00f6rderungs-gesetz (AFBG), dem so genannten Aufstiegs-BAf\u00f6G, gef\u00f6rdert werden. Einen Anspruch haben dabei nicht nur angehende Meister, sondern auch Teilnehmer\/innen an &#8230;<\/p>","protected":false},"author":1,"featured_media":0,"parent":1522,"menu_order":4000,"comment_status":"closed","ping_status":"closed","template":"","meta":{"_exactmetrics_skip_tracking":false,"_exactmetrics_sitenote_active":false,"_exactmetrics_sitenote_note":"","_exactmetrics_sitenote_category":0,"jetpack_post_was_ever_published":false,"footnotes":"","_links_to":"","_links_to_target":""},"class_list":["post-1176","page","type-page","status-publish","hentry"],"jetpack_sharing_enabled":true,"jetpack_shortlink":"https:\/\/wp.me\/P5coPr-iY","jetpack-related-posts":[{"id":1581,"url":"https:\/\/saw-biz.net\/home\/foerdermoeglichkeiten\/programme-der-bundeslaender\/sachsen\/","url_meta":{"origin":1176,"position":0},"title":"Sachsen","author":"admin","date":"25. Dezember 2014","format":false,"excerpt":"Sachsen: Weiterbildungs\u00adscheck F\u00fcr das berufliche Vorankommen sind neben einer guten Ausbildung auch st\u00e4ndige Weiterbildung und die Bereitschaft zum lebenslangen Lernen wichtig. Mit einer individuellen Fortbildung k\u00f6nnen sich Fachkr\u00e4fte weiterentwickeln und sich neue Ziele setzen. Unser \u201eWeiterbildungsscheck \u2013 individuell\u201c richtet sich an Besch\u00e4ftigte, Auszubildende und Berufsfachsch\u00fcler (ab dem vollendeten 18. Lebensjahr),\u2026","rel":"","context":"\u00c4hnlicher Beitrag","block_context":{"text":"\u00c4hnlicher Beitrag","link":""},"img":{"alt_text":"","src":"","width":0,"height":0},"classes":[]},{"id":1172,"url":"https:\/\/saw-biz.net\/home\/foerdermoeglichkeiten\/begabtenfoerderung\/","url_meta":{"origin":1176,"position":1},"title":"Begabtenf\u00f6rderung","author":"admin","date":"19. Dezember 2014","format":false,"excerpt":"Flei\u00df wird jetzt mit bis zu 5.100,\u2013 Euro bezuschusst Begabte junge Leute mit abgeschlossener Berufsausbildung k\u00f6nnen \u00fcber das Stipendium des Bundesministeriums f\u00fcr Bildung und Forschung eine F\u00f6rderung als Zuschuss erhalten. Dies gilt f\u00fcr alle, die j\u00fcnger als 25 Jahre, begabt und motiviert sind und mehr aus sich und ihrem Beruf\u2026","rel":"","context":"\u00c4hnlicher Beitrag","block_context":{"text":"\u00c4hnlicher Beitrag","link":""},"img":{"alt_text":"","src":"","width":0,"height":0},"classes":[]},{"id":1177,"url":"https:\/\/saw-biz.net\/home\/foerdermoeglichkeiten\/wegebau\/","url_meta":{"origin":1176,"position":2},"title":"WeGebAU","author":"admin","date":"19. Dezember 2014","format":false,"excerpt":"Chancen f\u00fcr \u00c4ltere und Geringqualifizierte Mit dem Sonderprogramm WeGebAU der Agentur f\u00fcr Arbeit wird Weiterbildung gering qualifizierter und \u00e4lterer Arbeitnehmer in Unternehmen gef\u00f6rdert. Das Programm soll das Interesse und die Bereitschaft von Betrieben und Besch\u00e4ftigten wecken und ist als Impulsgeber gedacht. Damit soll die Entstehung von Arbeitslosigkeit durch Weiterbildung vermieden\u2026","rel":"","context":"\u00c4hnlicher Beitrag","block_context":{"text":"\u00c4hnlicher Beitrag","link":""},"img":{"alt_text":"","src":"","width":0,"height":0},"classes":[]},{"id":980,"url":"https:\/\/saw-biz.net\/home\/information-fuer-soldaten\/","url_meta":{"origin":1176,"position":3},"title":"Information f\u00fcr Soldaten","author":"admin","date":"12. Dezember 2014","format":false,"excerpt":"Wie sich in vielerlei Hinsicht ersehen l\u00e4sst, ist der Zulauf der Sicherheitsbranche an Auftr\u00e4gen und der damit verbundene Bedarf an Mitarbeitern enorm gestiegen. Was der Sicherheitswirtschaft dennoch fehlt, sind gut ausgebildete Fachkr\u00e4fte. Diese Ausbildungen richten sich an Soldatinnen und Soldaten der Bundeswehr. Der starke Zuwachs in der privaten Sicherheit bzw.\u2026","rel":"","context":"\u00c4hnlicher Beitrag","block_context":{"text":"\u00c4hnlicher Beitrag","link":""},"img":{"alt_text":"","src":"","width":0,"height":0},"classes":[]},{"id":1577,"url":"https:\/\/saw-biz.net\/home\/foerdermoeglichkeiten\/programme-der-bundeslaender\/nordrhein-westfalen\/","url_meta":{"origin":1176,"position":4},"title":"Nordrhein-Westfalen","author":"admin","date":"25. Dezember 2014","format":false,"excerpt":"Nord\u00adrhein-West\u00adfalen: Bildungs\u00adscheck bis 2\u00a0000 Euro Wer wird gef\u00f6rdert? Arbeitnehmer in Betrieben in Nord\u00adrhein-West\u00adfalen k\u00f6nnen pro Jahr einen Bildungs\u00adscheck beantragen. Auch Berufs\u00adr\u00fcck\u00adkehrer wie Frauen nach der Familien\u00adphase k\u00f6nnen gef\u00f6rdert werden. Das gilt auch f\u00fcr Existenz\u00adgr\u00fcnder inner\u00adhalb der ersten f\u00fcnf Jahre ihrer Selbst\u00adst\u00e4ndig\u00adkeit. Un- und Angelernten soll erm\u00f6glicht werden, einen Berufs\u00adabschluss nach\u00adzuholen.\u2026","rel":"","context":"\u00c4hnlicher Beitrag","block_context":{"text":"\u00c4hnlicher Beitrag","link":""},"img":{"alt_text":"","src":"","width":0,"height":0},"classes":[]},{"id":1107,"url":"https:\/\/saw-biz.net\/home\/information-fuer-soldaten-2\/","url_meta":{"origin":1176,"position":5},"title":"Information f\u00fcr Soldaten","author":"admin","date":"19. Dezember 2014","format":false,"excerpt":"Wie sich in vielerlei Hinsicht ersehen l\u00e4sst, ist der Zulauf der Sicherheitsbranche an Auftr\u00e4gen und der damit verbundene Bedarf an Mitarbeitern enorm gestiegen. Was der Sicherheitswirtschaft dennoch fehlt, sind gut ausgebildete Fachkr\u00e4fte. Diese Ausbildungen richten sich an Soldatinnen und Soldaten der Bundeswehr. Der starke Zuwachs in der privaten Sicherheit bzw.\u2026","rel":"","context":"\u00c4hnlicher Beitrag","block_context":{"text":"\u00c4hnlicher Beitrag","link":""},"img":{"alt_text":"","src":"https:\/\/i0.wp.com\/www.saw-biz.net\/wp-content\/uploads\/2014\/11\/Informationen-f\u00c3\u00bcr-Soldaten.jpg?resize=350%2C200","width":350,"height":200},"classes":[]}],"_links":{"self":[{"href":"https:\/\/saw-biz.net\/home\/wp-json\/wp\/v2\/pages\/1176","targetHints":{"allow":["GET"]}}],"collection":[{"href":"https:\/\/saw-biz.net\/home\/wp-json\/wp\/v2\/pages"}],"about":[{"href":"https:\/\/saw-biz.net\/home\/wp-json\/wp\/v2\/types\/page"}],"author":[{"embeddable":true,"href":"https:\/\/saw-biz.net\/home\/wp-json\/wp\/v2\/users\/1"}],"replies":[{"embeddable":true,"href":"https:\/\/saw-biz.net\/home\/wp-json\/wp\/v2\/comments?post=1176"}],"version-history":[{"count":5,"href":"https:\/\/saw-biz.net\/home\/wp-json\/wp\/v2\/pages\/1176\/revisions"}],"predecessor-version":[{"id":4629,"href":"https:\/\/saw-biz.net\/home\/wp-json\/wp\/v2\/pages\/1176\/revisions\/4629"}],"up":[{"embeddable":true,"href":"https:\/\/saw-biz.net\/home\/wp-json\/wp\/v2\/pages\/1522"}],"wp:attachment":[{"href":"https:\/\/saw-biz.net\/home\/wp-json\/wp\/v2\/media?parent=1176"}],"curies":[{"name":"wp","href":"https:\/\/api.w.org\/{rel}","templated":true}]}}