{"id":1174,"date":"2014-12-19T04:59:25","date_gmt":"2014-12-19T02:59:25","guid":{"rendered":"http:\/\/www.saw-biz.net\/?page_id=1174"},"modified":"2023-07-10T18:38:14","modified_gmt":"2023-07-10T16:38:14","slug":"bildungsgutschein","status":"publish","type":"page","link":"https:\/\/saw-biz.net\/home\/foerdermoeglichkeiten\/bildungsgutschein\/","title":{"rendered":"Bildungsgutschein"},"content":{"rendered":"<h5><strong>Was ist ein Bildungsgutschein?<\/strong><\/h5>\n<p>Arbeitssuchende, aber auch Arbeitnehmer\/innen, die von Arbeitslosigkeit betroffen sind, k\u00f6nnen Anspruch auf F\u00f6rderung f\u00fcr ihre berufliche Weiterbildung haben, wenn der Vermittler die Notwendigkeit der Integration in das Berufsleben sieht. Deine \u00f6rtliche Agentur f\u00fcr Arbeit oder das\u00a0 Jobcenter stellt Dir daf\u00fcr einen Bildungsgutschein aus.<\/p>\n<h5><strong>Wie bekomme ich einen Bildungsgutschein?<\/strong><\/h5>\n<p>Du wendest Dich an Deinen Ansprechpartner (Beratungs- und Vermittlungsfachkraft), der Deinen individuellen Bildungsbedarf ermittelt. Liegen die Voraussetzungen vor, erh\u00e4ltst Du Deinen Bildungsgutschein f\u00fcr ein festgelegtes Bildungsziel und eine bestimmte Bildungsdauer.<\/p>\n<p>Jetzt musst Du handeln!<br \/>\nDu hast nur drei Monate Zeit, den Bildungsgutschein bei uns einzul\u00f6sen.<br \/>\nWer also eine Weiterbildung plant, sollte sich deshalb fr\u00fchzeitig k\u00fcmmern!<\/p>\n<h5><strong>Wie nutze ich meinen Bildungsgutschein optimal?<\/strong><\/h5>\n<p>Durch einen Abschluss eines ma\u00dfgeschneiderten Bildungsangebotes verbesserst Du Deine Chancen am Arbeitsmarkt enorm.<br \/>\nWir helfen Dir gerne bei Deiner Entscheidung!<\/p>\n<p>Wir beraten Dich gerne zum Thema und unterst\u00fctzen Dich bei der Suche nach einer f\u00fcr Dich geeigneten Weiterbildung.<br \/>\nSprich mit uns! <em>Wir sind immer f\u00fcr Dich da!<\/em><\/p>","protected":false},"excerpt":{"rendered":"<p>Was ist ein Bildungsgutschein? Arbeitssuchende, aber auch Arbeitnehmer\/innen, die von Arbeitslosigkeit betroffen sind, k\u00f6nnen Anspruch auf F\u00f6rderung f\u00fcr ihre berufliche Weiterbildung haben, wenn der Vermittler die Notwendigkeit der Integration in das Berufsleben sieht. Deine \u00f6rtliche Agentur f\u00fcr Arbeit oder das\u00a0 Jobcenter stellt Dir daf\u00fcr einen Bildungsgutschein aus. Wie bekomme ich einen Bildungsgutschein? Du wendest Dich &#8230;<\/p>","protected":false},"author":1,"featured_media":0,"parent":1522,"menu_order":1000,"comment_status":"closed","ping_status":"closed","template":"","meta":{"_exactmetrics_skip_tracking":false,"_exactmetrics_sitenote_active":false,"_exactmetrics_sitenote_note":"","_exactmetrics_sitenote_category":0,"jetpack_post_was_ever_published":false,"footnotes":"","_links_to":"","_links_to_target":""},"class_list":["post-1174","page","type-page","status-publish","hentry"],"jetpack_sharing_enabled":true,"jetpack_shortlink":"https:\/\/wp.me\/P5coPr-iW","jetpack-related-posts":[{"id":1177,"url":"https:\/\/saw-biz.net\/home\/foerdermoeglichkeiten\/wegebau\/","url_meta":{"origin":1174,"position":0},"title":"WeGebAU","author":"admin","date":"19. Dezember 2014","format":false,"excerpt":"Chancen f\u00fcr \u00c4ltere und Geringqualifizierte Mit dem Sonderprogramm WeGebAU der Agentur f\u00fcr Arbeit wird Weiterbildung gering qualifizierter und \u00e4lterer Arbeitnehmer in Unternehmen gef\u00f6rdert. Das Programm soll das Interesse und die Bereitschaft von Betrieben und Besch\u00e4ftigten wecken und ist als Impulsgeber gedacht. Damit soll die Entstehung von Arbeitslosigkeit durch Weiterbildung vermieden\u2026","rel":"","context":"\u00c4hnlicher Beitrag","block_context":{"text":"\u00c4hnlicher Beitrag","link":""},"img":{"alt_text":"","src":"","width":0,"height":0},"classes":[]},{"id":1577,"url":"https:\/\/saw-biz.net\/home\/foerdermoeglichkeiten\/programme-der-bundeslaender\/nordrhein-westfalen\/","url_meta":{"origin":1174,"position":1},"title":"Nordrhein-Westfalen","author":"admin","date":"25. Dezember 2014","format":false,"excerpt":"Nord\u00adrhein-West\u00adfalen: Bildungs\u00adscheck bis 2\u00a0000 Euro Wer wird gef\u00f6rdert? Arbeitnehmer in Betrieben in Nord\u00adrhein-West\u00adfalen k\u00f6nnen pro Jahr einen Bildungs\u00adscheck beantragen. Auch Berufs\u00adr\u00fcck\u00adkehrer wie Frauen nach der Familien\u00adphase k\u00f6nnen gef\u00f6rdert werden. Das gilt auch f\u00fcr Existenz\u00adgr\u00fcnder inner\u00adhalb der ersten f\u00fcnf Jahre ihrer Selbst\u00adst\u00e4ndig\u00adkeit. Un- und Angelernten soll erm\u00f6glicht werden, einen Berufs\u00adabschluss nach\u00adzuholen.\u2026","rel":"","context":"\u00c4hnlicher Beitrag","block_context":{"text":"\u00c4hnlicher Beitrag","link":""},"img":{"alt_text":"","src":"","width":0,"height":0},"classes":[]},{"id":1581,"url":"https:\/\/saw-biz.net\/home\/foerdermoeglichkeiten\/programme-der-bundeslaender\/sachsen\/","url_meta":{"origin":1174,"position":2},"title":"Sachsen","author":"admin","date":"25. Dezember 2014","format":false,"excerpt":"Sachsen: Weiterbildungs\u00adscheck F\u00fcr das berufliche Vorankommen sind neben einer guten Ausbildung auch st\u00e4ndige Weiterbildung und die Bereitschaft zum lebenslangen Lernen wichtig. Mit einer individuellen Fortbildung k\u00f6nnen sich Fachkr\u00e4fte weiterentwickeln und sich neue Ziele setzen. Unser \u201eWeiterbildungsscheck \u2013 individuell\u201c richtet sich an Besch\u00e4ftigte, Auszubildende und Berufsfachsch\u00fcler (ab dem vollendeten 18. Lebensjahr),\u2026","rel":"","context":"\u00c4hnlicher Beitrag","block_context":{"text":"\u00c4hnlicher Beitrag","link":""},"img":{"alt_text":"","src":"","width":0,"height":0},"classes":[]},{"id":1326,"url":"https:\/\/saw-biz.net\/home\/","url_meta":{"origin":1174,"position":3},"title":"Startseite","author":"admin","date":"21. Dezember 2014","format":false,"excerpt":"Herzlich Willkommen Sch\u00f6n, dass Du den Weg zu uns gefunden hast. Hier bist Du genau richtig, um dein Wissen und deine F\u00e4higkeiten im Bereich der Sicherheit zu erweitern. Wir stehen dir zur Seite, um dir eine praxisorientierte Aus- und Weiterbildung zu bieten, damit Du in der dynamischen Welt der Sicherheitsbranche\u2026","rel":"","context":"\u00c4hnlicher Beitrag","block_context":{"text":"\u00c4hnlicher Beitrag","link":""},"img":{"alt_text":"","src":"","width":0,"height":0},"classes":[]},{"id":1173,"url":"https:\/\/saw-biz.net\/home\/foerdermoeglichkeiten\/programme-der-bundeslaender\/","url_meta":{"origin":1174,"position":4},"title":"Programme der Bundesl\u00e4nder","author":"admin","date":"19. Dezember 2014","format":false,"excerpt":"Attraktive Co-Finanzierungen aus den Bundesl\u00e4ndern Viele Bundesl\u00e4nder vergeben Bildungs- bzw. Qualifizierungsschecks, mit denen anteilig die Kosten f\u00fcr Deine Weiterbildung \u00fcbernommen werden. Diese Checks werden h\u00e4ufig an Arbeitnehmerinnen und Arbeitnehmer vergeben, die in dem jeweiligen Bundesland leben und\/oder arbeiten. H\u00e4ufig ist f\u00fcr die Bewilligung der F\u00f6rderung die Anzahl der Besch\u00e4ftigten, die\u2026","rel":"","context":"\u00c4hnlicher Beitrag","block_context":{"text":"\u00c4hnlicher Beitrag","link":""},"img":{"alt_text":"","src":"","width":0,"height":0},"classes":[]},{"id":1175,"url":"https:\/\/saw-biz.net\/home\/foerdermoeglichkeiten\/bildungspraemie\/","url_meta":{"origin":1174,"position":5},"title":"Bildungspr\u00e4mie","author":"admin","date":"19. Dezember 2014","format":false,"excerpt":"Bis zu 500,\u2013 Euro Pr\u00e4miengutschein Um die Bereitschaft zur Weiterbildung zu f\u00f6rdern, bietet die Bundesregierung im Rahmen der \"Bildungspr\u00e4mie\" einen Pr\u00e4miengutschein an. Personen, deren zu versteuerndes Jahreseinkommen derzeit 25.600,\u2013 Euro (oder 51.200,\u2013 Euro bei gemeinsam Veranlagten) nicht \u00fcbersteigt, erhalten bis zu\u00a0500,\u2013 Euro, wenn sie mindestens die gleiche Summe selbst f\u00fcr\u2026","rel":"","context":"\u00c4hnlicher Beitrag","block_context":{"text":"\u00c4hnlicher Beitrag","link":""},"img":{"alt_text":"","src":"","width":0,"height":0},"classes":[]}],"_links":{"self":[{"href":"https:\/\/saw-biz.net\/home\/wp-json\/wp\/v2\/pages\/1174","targetHints":{"allow":["GET"]}}],"collection":[{"href":"https:\/\/saw-biz.net\/home\/wp-json\/wp\/v2\/pages"}],"about":[{"href":"https:\/\/saw-biz.net\/home\/wp-json\/wp\/v2\/types\/page"}],"author":[{"embeddable":true,"href":"https:\/\/saw-biz.net\/home\/wp-json\/wp\/v2\/users\/1"}],"replies":[{"embeddable":true,"href":"https:\/\/saw-biz.net\/home\/wp-json\/wp\/v2\/comments?post=1174"}],"version-history":[{"count":7,"href":"https:\/\/saw-biz.net\/home\/wp-json\/wp\/v2\/pages\/1174\/revisions"}],"predecessor-version":[{"id":12541,"href":"https:\/\/saw-biz.net\/home\/wp-json\/wp\/v2\/pages\/1174\/revisions\/12541"}],"up":[{"embeddable":true,"href":"https:\/\/saw-biz.net\/home\/wp-json\/wp\/v2\/pages\/1522"}],"wp:attachment":[{"href":"https:\/\/saw-biz.net\/home\/wp-json\/wp\/v2\/media?parent=1174"}],"curies":[{"name":"wp","href":"https:\/\/api.w.org\/{rel}","templated":true}]}}