{"id":1111,"date":"2014-12-19T04:26:22","date_gmt":"2014-12-19T02:26:22","guid":{"rendered":"http:\/\/www.saw-biz.net\/?page_id=1111"},"modified":"2018-01-31T13:41:36","modified_gmt":"2018-01-31T12:41:36","slug":"gepruefte-schutz-und-sicherheitskraft","status":"publish","type":"page","link":"https:\/\/saw-biz.net\/home\/bildung\/sicherheit\/gepruefte-schutz-und-sicherheitskraft\/","title":{"rendered":"Gepr\u00fcfte Schutz- und Sicherheitskraft"},"content":{"rendered":"<h3><strong>Vorwort<\/strong><\/h3>\n<p>Als erweiterte Qualifikationsstufe er\u00f6ffnet die Pr\u00fcfung zur \u201eGepr\u00fcften Schutz- und Sicherheitskraft\u201c dem Mitarbeiter neue und komplexere Aufgabenbereiche. Durch die Ausbildungsqualifikation zur Gepr\u00fcften Schutz- und Sicherheitskraft hast Du im Unternehmen mehr Chancen beruflich aufzusteigen.<\/p>\n<h3><strong>Zielgruppe<\/strong><\/h3>\n<p>Menschen die schon in der Sicherheitswirtschaft arbeiten und sich weiterqualifizieren m\u00f6chten.<\/p>\n<h3><strong>Dauer der Ausbildung<\/strong><\/h3>\n<p>320 Stunden<\/p>\n<h3><strong>Inhalte der Ausbildung<\/strong><\/h3>\n<ol>\n<li>Rechtskunde<\/li>\n<li>Dienstkunde (Werk- und Anlagenschutz, Revierdienst, Veranstaltungsschutz usw.)<\/li>\n<li>Brandschutz und sonstige Notfallma\u00dfnahmen<\/li>\n<li>Einsatz von Schutz und Sicherheitstechnik<\/li>\n<li>Sicherheits- und Serviceorientiertes Verhalten<\/li>\n<li>Vorbereitung auf die Abschlusspr\u00fcfung<\/li>\n<\/ol>\n<h3><strong>Unterrichtszeiten <\/strong><\/h3>\n<p>Vollzeit: Mo \u2013 Fr 08.30 \u2013 16.00 Uhr<br \/>\n Teilzeit: Wir bieten f\u00fcr Unternehmen und deren Mitarbeiter die Ausbildung in Teilzeit an.<br \/>\n Termine nach Absprache.<\/p>\n<h3><strong>Zulassungsvoraussetzungen<\/strong><\/h3>\n<ul>\n<li>min. 24 Jahre alt<\/li>\n<li>2 Jahre Berufserfahrung in der Sicherheitsbranche und eine abgeschlossene Berufsausbildung oder<\/li>\n<li>5 Jahre Berufserfahrung, davon 3 Jahre in der Sicherheitsbranche, wenn keine Berufsausbildung vorhanden ist <\/li>\n<li>Ersthelfer (nicht \u00e4lter als 2 Jahre bei Pr\u00fcfungsantritt)<\/li>\n<\/ul>\n<h3><strong>F\u00f6rderungen<\/strong><\/h3>\n<p>Bei Erf\u00fcllung bestimmter Kriterien ist eine F\u00f6rderung durch verschiedene Stellen (WeGebAU, Jobcenter, Bundesagentur f\u00fcr Arbeit usw.)\u00a0 m\u00f6glich. Bei Fragen zur F\u00f6rderung, k\u00f6nnst Du Dich gern mit uns in Verbindung setzen. Wir beraten Dich gern.<\/p>\n<h3><strong>Kosten<\/strong><\/h3>\n<p>auf Anfrage<\/p>\n<p>Finanzierung m\u00f6glich<\/p>\n<h3><strong>Abschluss<\/strong><\/h3>\n<p>Gepr\u00fcfte Schutz- und Sicherheitskraft(IHK)<\/p>\n<p class=\"wpcf7-contact-form-not-found\"><strong>Fehler:<\/strong> Kontaktformular wurde nicht gefunden.<\/p>","protected":false},"excerpt":{"rendered":"<p>Vorwort Als erweiterte Qualifikationsstufe er\u00f6ffnet die Pr\u00fcfung zur \u201eGepr\u00fcften Schutz- und Sicherheitskraft\u201c dem Mitarbeiter neue und komplexere Aufgabenbereiche. Durch die Ausbildungsqualifikation zur Gepr\u00fcften Schutz- und Sicherheitskraft hast Du im Unternehmen mehr Chancen beruflich aufzusteigen. Zielgruppe Menschen die schon in der Sicherheitswirtschaft arbeiten und sich weiterqualifizieren m\u00f6chten. Dauer der Ausbildung 320 Stunden Inhalte der Ausbildung Rechtskunde &#8230;<\/p>","protected":false},"author":1,"featured_media":0,"parent":1227,"menu_order":100000,"comment_status":"closed","ping_status":"closed","template":"","meta":{"_exactmetrics_skip_tracking":false,"_exactmetrics_sitenote_active":false,"_exactmetrics_sitenote_note":"","_exactmetrics_sitenote_category":0,"jetpack_post_was_ever_published":false,"footnotes":"","_links_to":"","_links_to_target":""},"class_list":["post-1111","page","type-page","status-publish","hentry"],"jetpack_sharing_enabled":true,"jetpack_shortlink":"https:\/\/wp.me\/P5coPr-hV","jetpack-related-posts":[{"id":1109,"url":"https:\/\/saw-biz.net\/home\/bildung\/sicherheit\/meister-fuer-schutz-und-sicherheit\/","url_meta":{"origin":1111,"position":0},"title":"Meister f\u00fcr Schutz und Sicherheit","author":"admin","date":"19. Dezember 2014","format":false,"excerpt":"[pdf_button]\/wp-content\/uploads\/2015\/09\/Sicherheit-Meister-Schutz-und-Sicherheit.pdf[\/pdf_button] Vorwort Als Meister\/in f\u00fcr Schutz und Sicherheit habst Du einen au\u00dferordentlichen vielf\u00e4ltigen und interessanten Beruf. Du nimmst in Firmen und Betrieben F\u00fchrungsaufgaben war. Als Gepr\u00fcfter Meister\/in f\u00fcr Schutz und Sicherheit bist Du in privaten und \u00f6ffentlichen Unternehmen unterschiedlicher Gr\u00f6\u00dfe und Branchenzugeh\u00f6rigkeit t\u00e4tig. In verschiedenen Bereichen und T\u00e4tigkeitsfeldern eines Unternehmens\u2026","rel":"","context":"\u00c4hnlicher Beitrag","block_context":{"text":"\u00c4hnlicher Beitrag","link":""},"img":{"alt_text":"","src":"","width":0,"height":0},"classes":[]},{"id":1065,"url":"https:\/\/saw-biz.net\/home\/bildung\/meister-fuer-schutz-und-sicherheit\/","url_meta":{"origin":1111,"position":1},"title":"Meister f\u00fcr Schutz und Sicherheit","author":"admin","date":"18. Dezember 2014","format":false,"excerpt":"15 Monate - SaZ 8: [pdf_button]\/wp-content\/uploads\/2015\/08\/Soldaten-Meister-f\u00fcr-Schutz-und-Sicherheit-15-Monate.pdf[\/pdf_button] 24 Monate - SaZ 12: [pdf_button]\/wp-content\/uploads\/2015\/08\/Soldaten-Meister-f\u00fcr-Schutz-und-Sicherheit-24-Monate.pdf[\/pdf_button] Vorwort Als Meister\/in f\u00fcr Schutz und Sicherheit hast Du einen au\u00dferordentlichen vielf\u00e4ltigen und interessanten Beruf. Du nimmst in Firmen und Betrieben F\u00fchrungsaufgaben war. Als Gepr\u00fcfter Meister\/in f\u00fcr Schutz und Sicherheit bist Du in privaten und \u00f6ffentlichen Unternehmen unterschiedlicher\u2026","rel":"","context":"\u00c4hnlicher Beitrag","block_context":{"text":"\u00c4hnlicher Beitrag","link":""},"img":{"alt_text":"","src":"","width":0,"height":0},"classes":[]},{"id":2493,"url":"https:\/\/saw-biz.net\/home\/ueber-uns\/leitbild\/","url_meta":{"origin":1111,"position":2},"title":"Zahlen und Fakten","author":"admin","date":"15. September 2015","format":false,"excerpt":"Die Sicherheitswirtschaft ist ein bedeutender Arbeitgeber in Deutschland. Laut Angaben des Bundesverbandes der Sicherheitswirtschaft (BDSW) gibt es mehr als 250.000 Besch\u00e4ftigte in der Branche (Stand 2021). Die Zahl der Mitarbeiterinnen und Mitarbeiter ist in den letzten Jahren kontinuierlich gestiegen. Umsatz Die Sicherheitsbranche verzeichnet ebenfalls einen hohen Umsatz. Im Jahr 2020\u2026","rel":"","context":"\u00c4hnlicher Beitrag","block_context":{"text":"\u00c4hnlicher Beitrag","link":""},"img":{"alt_text":"","src":"","width":0,"height":0},"classes":[]},{"id":1227,"url":"https:\/\/saw-biz.net\/home\/bildung\/sicherheit\/","url_meta":{"origin":1111,"position":3},"title":"Sicherheit","author":"admin","date":"19. Dezember 2014","format":false,"excerpt":"Sicherheitsausbildung Vorbereitung auf die Sachkundepr\u00fcfung \u00a7 34a GewO Grundausbildung Sicherheitskraft Mobile Sicherheitskraft inkl. PKW F\u00fchrerschein Kompaktlehrgang Sicherheitskraft inkl. Unterrichtungsverfahren \u00a734a GewO Gepr\u00fcfte Schutz- und Sicherheitskraft IHK Umschulung zur Fachkraft f\u00fcr Schutz und Sicherheit Externenpr\u00fcfung Fachkraft f\u00fcr Schutz und Sicherheit Meister f\u00fcr Schutz und Sicherheit Waffensachkunde \u00a7 7 WaffG Brandschutz- und\u2026","rel":"","context":"\u00c4hnlicher Beitrag","block_context":{"text":"\u00c4hnlicher Beitrag","link":""},"img":{"alt_text":"","src":"","width":0,"height":0},"classes":[]},{"id":1110,"url":"https:\/\/saw-biz.net\/home\/bildung\/fachkraft-fuer-schutz-und-sicherheit\/","url_meta":{"origin":1111,"position":4},"title":"Fachkraft f\u00fcr Schutz und Sicherheit","author":"admin","date":"19. Dezember 2014","format":false,"excerpt":"[pdf_button]http:\/\/saw-biz.net\/wp-content\/uploads\/2017\/02\/5.-Fachkraft-Schutz-und-Sicherheit-Soldaten-ohne-Anschnitt.pdf[\/pdf_button] Vorwort Fachkr\u00e4fte f\u00fcr Schutz und Sicherheit sch\u00fctzen Personen, Objekte, Anlagen und Werte. Sie planen vorbeugende Ma\u00dfnahmen f\u00fcr deren Sicherheit bzw. zur Abwehr von Gefahren und f\u00fchren sie durch. In erster Linie arbeiten sie in Betrieben des Objekt-, Werte- und Personenschutzes bzw. in der Sicherheitsberatung und -schulung. Auch in Flughafenbetrieben\u2026","rel":"","context":"\u00c4hnlicher Beitrag","block_context":{"text":"\u00c4hnlicher Beitrag","link":""},"img":{"alt_text":"","src":"","width":0,"height":0},"classes":[]},{"id":12500,"url":"https:\/\/saw-biz.net\/home\/grundausbildung-sicherheitskraft\/","url_meta":{"origin":1111,"position":5},"title":"Grundausbildung Sicherheitskraft","author":"admin","date":"10. Juli 2023","format":false,"excerpt":"Vorwort Mit der Grundausbildung Sicherheitskraft, bist Du bestens vorbereitet und den meisten Sicherheitsmitarbeitern einen Schritt voraus. Durch wichtige Zusatzqualifikationen, machst Du dich f\u00fcr den Arbeitsmarkt sehr attraktiv und das spiegelt sich auch im Verdienst wieder. Zielgruppe Personen die in der Sicherheitsbrache gut aufgestellt und flexibel sein m\u00f6chten. Dauer der Ausbildung\u2026","rel":"","context":"\u00c4hnlicher Beitrag","block_context":{"text":"\u00c4hnlicher Beitrag","link":""},"img":{"alt_text":"","src":"","width":0,"height":0},"classes":[]}],"_links":{"self":[{"href":"https:\/\/saw-biz.net\/home\/wp-json\/wp\/v2\/pages\/1111","targetHints":{"allow":["GET"]}}],"collection":[{"href":"https:\/\/saw-biz.net\/home\/wp-json\/wp\/v2\/pages"}],"about":[{"href":"https:\/\/saw-biz.net\/home\/wp-json\/wp\/v2\/types\/page"}],"author":[{"embeddable":true,"href":"https:\/\/saw-biz.net\/home\/wp-json\/wp\/v2\/users\/1"}],"replies":[{"embeddable":true,"href":"https:\/\/saw-biz.net\/home\/wp-json\/wp\/v2\/comments?post=1111"}],"version-history":[{"count":14,"href":"https:\/\/saw-biz.net\/home\/wp-json\/wp\/v2\/pages\/1111\/revisions"}],"predecessor-version":[{"id":12503,"href":"https:\/\/saw-biz.net\/home\/wp-json\/wp\/v2\/pages\/1111\/revisions\/12503"}],"up":[{"embeddable":true,"href":"https:\/\/saw-biz.net\/home\/wp-json\/wp\/v2\/pages\/1227"}],"wp:attachment":[{"href":"https:\/\/saw-biz.net\/home\/wp-json\/wp\/v2\/media?parent=1111"}],"curies":[{"name":"wp","href":"https:\/\/api.w.org\/{rel}","templated":true}]}}

Geprüfte Schutz- und Sicherheitskraft

<h3><strong>Vorwort</strong></h3>
<p>Als erweiterte Qualifikationsstufe eröffnet die Prüfung zur „Geprüften Schutz- und Sicherheitskraft“ dem Mitarbeiter neue und komplexere Aufgabenbereiche. Durch die Ausbildungsqualifikation zur Geprüften Schutz- und Sicherheitskraft hast Du im Unternehmen mehr Chancen beruflich aufzusteigen.</p>
<h3><strong>Zielgruppe</strong></h3>
<p>Menschen die schon in der Sicherheitswirtschaft arbeiten und sich weiterqualifizieren möchten.</p>
<h3><strong>Dauer der Ausbildung</strong></h3>
<p>320 Stunden</p>
<h3><strong>Inhalte der Ausbildung</strong></h3>
<ol>
<li>Rechtskunde</li>
<li>Dienstkunde (Werk- und Anlagenschutz, Revierdienst, Veranstaltungsschutz usw.)</li>
<li>Brandschutz und sonstige Notfallmaßnahmen</li>
<li>Einsatz von Schutz und Sicherheitstechnik</li>
<li>Sicherheits- und Serviceorientiertes Verhalten</li>
<li>Vorbereitung auf die Abschlussprüfung</li>
</ol>
<h3><strong>Unterrichtszeiten </strong></h3>
<p>Vollzeit: Mo – Fr 08.30 – 16.00 Uhr<br />
 Teilzeit: Wir bieten für Unternehmen und deren Mitarbeiter die Ausbildung in Teilzeit an.<br />
 Termine nach Absprache.</p>
<h3><strong>Zulassungsvoraussetzungen</strong></h3>
<ul>
<li>min. 24 Jahre alt</li>
<li>2 Jahre Berufserfahrung in der Sicherheitsbranche und eine abgeschlossene Berufsausbildung oder</li>
<li>5 Jahre Berufserfahrung, davon 3 Jahre in der Sicherheitsbranche, wenn keine Berufsausbildung vorhanden ist </li>
<li>Ersthelfer (nicht älter als 2 Jahre bei Prüfungsantritt)</li>
</ul>
<h3><strong>Förderungen</strong></h3>
<p>Bei Erfüllung bestimmter Kriterien ist eine Förderung durch verschiedene Stellen (WeGebAU, Jobcenter, Bundesagentur für Arbeit usw.)  möglich. Bei Fragen zur Förderung, könnst Du Dich gern mit uns in Verbindung setzen. Wir beraten Dich gern.</p>
<h3><strong>Kosten</strong></h3>
<p>auf Anfrage</p>
<p>Finanzierung möglich</p>
<h3><strong>Abschluss</strong></h3>
<p>Geprüfte Schutz- und Sicherheitskraft(IHK)</p>
<p class="wpcf7-contact-form-not-found"><strong>Fehler:</strong> Kontaktformular wurde nicht gefunden.</p>

<p>Vorwort Als erweiterte Qualifikationsstufe eröffnet die Prüfung zur „Geprüften Schutz- und Sicherheitskraft“ dem Mitarbeiter neue und komplexere Aufgabenbereiche. Durch die Ausbildungsqualifikation zur Geprüften Schutz- und Sicherheitskraft hast Du im Unternehmen mehr Chancen beruflich aufzusteigen. Zielgruppe Menschen die schon in der Sicherheitswirtschaft arbeiten und sich weiterqualifizieren möchten. Dauer der Ausbildung 320 Stunden Inhalte der Ausbildung Rechtskunde &#8230;</p>

Meister für Schutz und Sicherheit

[pdf_button]/wp-content/uploads/2015/09/Sicherheit-Meister-Schutz-und-Sicherheit.pdf[/pdf_button] Vorwort Als Meister/in für Schutz und Sicherheit habst Du einen außerordentlichen vielfältigen und interessanten Beruf. Du nimmst in Firmen und Betrieben Führungsaufgaben war. Als Geprüfter Meister/in für Schutz und Sicherheit bist Du in privaten und öffentlichen Unternehmen unterschiedlicher Größe und Branchenzugehörigkeit tätig. In verschiedenen Bereichen und Tätigkeitsfeldern eines Unternehmens…

Ähnlicher Beitrag

15 Monate - SaZ 8: [pdf_button]/wp-content/uploads/2015/08/Soldaten-Meister-für-Schutz-und-Sicherheit-15-Monate.pdf[/pdf_button] 24 Monate - SaZ 12: [pdf_button]/wp-content/uploads/2015/08/Soldaten-Meister-für-Schutz-und-Sicherheit-24-Monate.pdf[/pdf_button] Vorwort Als Meister/in für Schutz und Sicherheit hast Du einen außerordentlichen vielfältigen und interessanten Beruf. Du nimmst in Firmen und Betrieben Führungsaufgaben war. Als Geprüfter Meister/in für Schutz und Sicherheit bist Du in privaten und öffentlichen Unternehmen unterschiedlicher…

Die Sicherheitswirtschaft ist ein bedeutender Arbeitgeber in Deutschland. Laut Angaben des Bundesverbandes der Sicherheitswirtschaft (BDSW) gibt es mehr als 250.000 Beschäftigte in der Branche (Stand 2021). Die Zahl der Mitarbeiterinnen und Mitarbeiter ist in den letzten Jahren kontinuierlich gestiegen. Umsatz Die Sicherheitsbranche verzeichnet ebenfalls einen hohen Umsatz. Im Jahr 2020…

Sicherheitsausbildung Vorbereitung auf die Sachkundeprüfung § 34a GewO Grundausbildung Sicherheitskraft Mobile Sicherheitskraft inkl. PKW Führerschein Kompaktlehrgang Sicherheitskraft inkl. Unterrichtungsverfahren §34a GewO Geprüfte Schutz- und Sicherheitskraft IHK Umschulung zur Fachkraft für Schutz und Sicherheit Externenprüfung Fachkraft für Schutz und Sicherheit Meister für Schutz und Sicherheit Waffensachkunde § 7 WaffG Brandschutz- und…

Fachkraft für Schutz und Sicherheit

[pdf_button]http://saw-biz.net/wp-content/uploads/2017/02/5.-Fachkraft-Schutz-und-Sicherheit-Soldaten-ohne-Anschnitt.pdf[/pdf_button] Vorwort Fachkräfte für Schutz und Sicherheit schützen Personen, Objekte, Anlagen und Werte. Sie planen vorbeugende Maßnahmen für deren Sicherheit bzw. zur Abwehr von Gefahren und führen sie durch. In erster Linie arbeiten sie in Betrieben des Objekt-, Werte- und Personenschutzes bzw. in der Sicherheitsberatung und -schulung. Auch in Flughafenbetrieben…

Vorwort Mit der Grundausbildung Sicherheitskraft, bist Du bestens vorbereitet und den meisten Sicherheitsmitarbeitern einen Schritt voraus. Durch wichtige Zusatzqualifikationen, machst Du dich für den Arbeitsmarkt sehr attraktiv und das spiegelt sich auch im Verdienst wieder. Zielgruppe Personen die in der Sicherheitsbrache gut aufgestellt und flexibel sein möchten. Dauer der Ausbildung…
