{"id":1093,"date":"2014-12-19T04:14:53","date_gmt":"2014-12-19T02:14:53","guid":{"rendered":"http:\/\/www.saw-biz.net\/?page_id=1093"},"modified":"2023-07-13T14:03:41","modified_gmt":"2023-07-13T12:03:41","slug":"mannheim","status":"publish","type":"page","link":"https:\/\/saw-biz.net\/home\/mannheim\/","title":{"rendered":"Mannheim"},"content":{"rendered":"<figure class=\"wp-block-image size-full is-resized\"><img loading=\"lazy\" decoding=\"async\" data-attachment-id=\"12585\" data-permalink=\"https:\/\/saw-biz.net\/home\/mannheim\/fahnen-saw-2\/\" data-orig-file=\"https:\/\/i0.wp.com\/saw-biz.net\/wp-content\/uploads\/2023\/07\/Fahnen-saw-2.jpg?fit=1178%2C1252&amp;ssl=1\" data-orig-size=\"1178,1252\" data-comments-opened=\"1\" data-image-meta=\"{&quot;aperture&quot;:&quot;0&quot;,&quot;credit&quot;:&quot;556183993730134458&quot;,&quot;camera&quot;:&quot;&quot;,&quot;caption&quot;:&quot;&quot;,&quot;created_timestamp&quot;:&quot;1688992360&quot;,&quot;copyright&quot;:&quot;&quot;,&quot;focal_length&quot;:&quot;0&quot;,&quot;iso&quot;:&quot;0&quot;,&quot;shutter_speed&quot;:&quot;0&quot;,&quot;title&quot;:&quot;&quot;,&quot;orientation&quot;:&quot;1&quot;}\" data-image-title=\"Fahnen-saw-2\" data-image-description=\"\" data-image-caption=\"\" data-medium-file=\"https:\/\/i0.wp.com\/saw-biz.net\/wp-content\/uploads\/2023\/07\/Fahnen-saw-2.jpg?fit=282%2C300&amp;ssl=1\" data-large-file=\"https:\/\/i0.wp.com\/saw-biz.net\/wp-content\/uploads\/2023\/07\/Fahnen-saw-2.jpg?fit=618%2C657&amp;ssl=1\" src=\"https:\/\/i0.wp.com\/saw-biz.net\/wp-content\/uploads\/2023\/07\/Fahnen-saw-2.jpg?resize=407%2C431&#038;ssl=1\" alt=\"\" class=\"wp-image-12585\" width=\"407\" height=\"431\" srcset=\"https:\/\/i0.wp.com\/saw-biz.net\/wp-content\/uploads\/2023\/07\/Fahnen-saw-2.jpg?resize=282%2C300&amp;ssl=1 282w, https:\/\/i0.wp.com\/saw-biz.net\/wp-content\/uploads\/2023\/07\/Fahnen-saw-2.jpg?resize=768%2C816&amp;ssl=1 768w\" sizes=\"auto, (max-width: 407px) 100vw, 407px\" data-recalc-dims=\"1\" \/><\/figure>\n\n\n\n<div style=\"width: 280px; float: left;\"><strong>Standort: Mannheim<\/strong><br \/>Im Pfeiffersw\u00f6rth 32-36<br \/>68167 Mannheim<\/div>\n<div>&nbsp;<\/div>\n<div>&nbsp;<\/div>\n<div>&nbsp;<\/div>\n<div>&nbsp;<\/div>\n<div style=\"width: 280px; float: left;\"><span style=\"font-size: revert;\">Telefon: 0621 &#8211; &nbsp;81 09 71 05<\/span><\/div>\n<div>&nbsp;<\/div>\n<div style=\"width: 280px; float: left;\"><span style=\"font-size: revert;\">Telefax: 0621 &#8211; &nbsp;86 08 59 81<\/span>\n<p>Die aktuellen Kurstermine finden Sie&nbsp;<a title=\"Termine Mannheim\" href=\"\/termine\/termine-mannheim\/\"><span style=\"color: #339966;\">hier<\/span><\/a>.<\/p>\n<p>&nbsp;<\/p>\n<p>&nbsp;<\/p>\n<\/div>\n<p class=\"has-text-align-left\">&nbsp;<\/p>\n\n\n\n\n\n<p class=\"has-text-align-left\"><\/p>\n\n\n\n<p><\/p>\n\n\n\n<p class=\"has-text-align-center\"><\/p>\n\n\n\n<p><\/p>","protected":false},"excerpt":{"rendered":"<p>Standort: MannheimIm Pfeiffersw\u00f6rth 32-3668167 Mannheim &nbsp; &nbsp; &nbsp; &nbsp; Telefon: 0621 &#8211; &nbsp;81 09 71 05 &nbsp; Telefax: 0621 &#8211; &nbsp;86 08 59 81 Die aktuellen Kurstermine finden Sie&nbsp;hier. &nbsp; &nbsp; &nbsp;<\/p>","protected":false},"author":1,"featured_media":0,"parent":0,"menu_order":500,"comment_status":"closed","ping_status":"closed","template":"","meta":{"_exactmetrics_skip_tracking":false,"_exactmetrics_sitenote_active":false,"_exactmetrics_sitenote_note":"","_exactmetrics_sitenote_category":0,"jetpack_post_was_ever_published":true,"footnotes":"","_links_to":"","_links_to_target":""},"class_list":["post-1093","page","type-page","status-publish","hentry"],"jetpack_sharing_enabled":true,"jetpack_shortlink":"https:\/\/wp.me\/P5coPr-hD","jetpack-related-posts":[{"id":8756,"url":"https:\/\/saw-biz.net\/home\/mannheim-2\/","url_meta":{"origin":1093,"position":0},"title":"Mannheim","author":"admin","date":"8. Juli 2020","format":false,"excerpt":"Standort: MannheimIm Pfeiffersw\u00f6rth 32-3668167 Mannheim Telefon: 0621 - \u00a081 09 71 05Email: info@saw-biz.de Die aktuellen Kurstermine finden Sie\u00a0hier. Follow @SAW_Mannheim Ansprechpartner: \u00a0 \u00a0 Senol SenocakGesch\u00e4ftsf\u00fchrers.senocak@saw-biz.net","rel":"","context":"\u00c4hnlicher Beitrag","block_context":{"text":"\u00c4hnlicher Beitrag","link":""},"img":{"alt_text":"","src":"https:\/\/i0.wp.com\/saw-biz.net\/wp-content\/uploads\/2015\/09\/IMG_1550.jpg?resize=350%2C200&ssl=1","width":350,"height":200,"srcset":"https:\/\/i0.wp.com\/saw-biz.net\/wp-content\/uploads\/2015\/09\/IMG_1550.jpg?resize=350%2C200&ssl=1 1x, https:\/\/i0.wp.com\/saw-biz.net\/wp-content\/uploads\/2015\/09\/IMG_1550.jpg?resize=700%2C400&ssl=1 2x, https:\/\/i0.wp.com\/saw-biz.net\/wp-content\/uploads\/2015\/09\/IMG_1550.jpg?resize=1050%2C600&ssl=1 3x"},"classes":[]},{"id":942,"url":"https:\/\/saw-biz.net\/home\/termine-mannheim\/","url_meta":{"origin":1093,"position":1},"title":"Termine Mannheim","author":"admin","date":"12. Dezember 2014","format":false,"excerpt":"Hier finden Sie unsere aktuellen Termine f\u00fcr den\u00a0Standort Mannheim. F\u00fcr alle Lehrg\u00e4nge haben wir eine begrenzte Teilnehmerzahl von jeweils 15 Personen vorgesehen. Unsere Ansprechpartner stehen Ihnen telefonisch t\u00e4glich von 08.00 Uhr - 16.00 Uhr zur Verf\u00fcgung. Fordern Sie\u00a0hier kostenlose Informationen an.","rel":"","context":"\u00c4hnlicher Beitrag","block_context":{"text":"\u00c4hnlicher Beitrag","link":""},"img":{"alt_text":"","src":"","width":0,"height":0},"classes":[]},{"id":464,"url":"https:\/\/saw-biz.net\/home\/impressum-2\/","url_meta":{"origin":1093,"position":2},"title":"Impressum","author":"admin","date":"16. August 2014","format":false,"excerpt":"Angaben gem\u00e4\u00df \u00a7 5 TMG: SAW-Bildungszentrum Rhein-Neckar UG (haftungsbeschr\u00e4nkt) Im Pfeiffersw\u00f6rth 32-36 68167 Mannheim Telefon: 0621 - 81 09 71 05 Gesch\u00e4ftsf\u00fchrer: Senol Senocak Umsatzsteuer-Identifikationsnummer: DE37002\/58046 web: www.saw-biz.net e-mail: info@saw-biz.de Verantwortlich f\u00fcr den Inhalt nach \u00a7 55 Abs. 2 RStV: Senol Senocak Planung, Programmierung und Betreuung des Internetauftritt Senol Senocak\u2026","rel":"","context":"\u00c4hnlicher Beitrag","block_context":{"text":"\u00c4hnlicher Beitrag","link":""},"img":{"alt_text":"","src":"","width":0,"height":0},"classes":[]},{"id":1051,"url":"https:\/\/saw-biz.net\/home\/datenschutzerklaerung\/","url_meta":{"origin":1093,"position":3},"title":"Datenschutzerkl\u00e4rung","author":"admin","date":"16. Dezember 2014","format":false,"excerpt":"Datenschutzerkl\u00e4rung Name und Kontaktdaten des f\u00fcr die Verarbeitung Verantwortlichen sowie des betrieblichen Datenschutzbeauftragten Diese Datenschutz-Information gilt f\u00fcr die Datenverarbeitung durch: Verantwortlicher: SAW-Bildungszentrum Rhein-Neckar UG (haftungsbeschr\u00e4nkt) Gesch\u00e4ftsf\u00fchrer: Senol Senocak Im Pfeiffersw\u00f6rth 32-36 68167 Mannheim Email: info@saw-biz.net Telefon: +49 621 \/ 81 09 71 05 Der betriebliche Datenschutzbeauftragte von SAW-Bildungszentrum Rhein-Neckar UG\u2026","rel":"","context":"\u00c4hnlicher Beitrag","block_context":{"text":"\u00c4hnlicher Beitrag","link":""},"img":{"alt_text":"","src":"","width":0,"height":0},"classes":[]}],"_links":{"self":[{"href":"https:\/\/saw-biz.net\/home\/wp-json\/wp\/v2\/pages\/1093","targetHints":{"allow":["GET"]}}],"collection":[{"href":"https:\/\/saw-biz.net\/home\/wp-json\/wp\/v2\/pages"}],"about":[{"href":"https:\/\/saw-biz.net\/home\/wp-json\/wp\/v2\/types\/page"}],"author":[{"embeddable":true,"href":"https:\/\/saw-biz.net\/home\/wp-json\/wp\/v2\/users\/1"}],"replies":[{"embeddable":true,"href":"https:\/\/saw-biz.net\/home\/wp-json\/wp\/v2\/comments?post=1093"}],"version-history":[{"count":42,"href":"https:\/\/saw-biz.net\/home\/wp-json\/wp\/v2\/pages\/1093\/revisions"}],"predecessor-version":[{"id":12621,"href":"https:\/\/saw-biz.net\/home\/wp-json\/wp\/v2\/pages\/1093\/revisions\/12621"}],"wp:attachment":[{"href":"https:\/\/saw-biz.net\/home\/wp-json\/wp\/v2\/media?parent=1093"}],"curies":[{"name":"wp","href":"https:\/\/api.w.org\/{rel}","templated":true}]}}